{"id":896,"date":"2019-09-28T22:07:23","date_gmt":"2019-09-28T20:07:23","guid":{"rendered":"http:\/\/evoluscience.fr\/?page_id=896"},"modified":"2020-11-21T12:08:03","modified_gmt":"2020-11-21T11:08:03","slug":"chapitre-2-les-consequences-des-substances-et-exces-sur-lorganisme","status":"publish","type":"page","link":"https:\/\/www.evoluscience.fr\/index.php\/cycle-4\/quatrieme-2\/quatrieme\/chapitre-2-les-consequences-des-substances-et-exces-sur-lorganisme\/","title":{"rendered":"Chapitre 2 &#8211; Les cons\u00e9quences des substances et exc\u00e8s sur l&rsquo;organisme"},"content":{"rendered":"\n<div class=\"wp-block-themeisle-blocks-advanced-columns has-1-columns has-desktop-equal-layout has-tablet-equal-layout has-mobile-equal-layout has-default-gap has-vertical-unset\" id=\"wp-block-themeisle-blocks-advanced-columns-b86f05b8\"><div class=\"wp-block-themeisle-blocks-advanced-columns-overlay\"><\/div><div class=\"innerblocks-wrap\">\n<div class=\"wp-block-themeisle-blocks-advanced-column\" id=\"wp-block-themeisle-blocks-advanced-column-2969295f\">\n<p class=\"has-drop-cap\"><em>Bastien fait partie d\u2019un club de natation. Son entra\u00eeneur lui dit qu\u2019il ne doit pas rel\u00e2cher ses efforts car il le sent capable de r\u00e9ussir plusieurs comp\u00e9titions. &nbsp;Ses \u00e9quipiers plus \u00e2g\u00e9s lui proposent des produits dopants.<\/em><\/p>\n\n\n\n<p><em>Mais aussi, pour faire comme d\u2019autres, il h\u00e9site \u00e0 fumer des cigarettes.<\/em><\/p>\n\n\n\n<p><em>Il veut faire plaisir aux autres mais il ne veut pas non plus compromettre ses chances et sa sant\u00e9.<\/em><\/p>\n\n\n\n<div style=\"height:43px\" aria-hidden=\"true\" class=\"wp-block-spacer\"><\/div>\n\n\n\n<p class=\"has-vivid-green-cyan-color has-text-color\">Quelles cons\u00e9quences la prise de substances et les exc\u00e8s ont sur l\u2019organisme&nbsp;? <\/p>\n\n\n\n<div style=\"height:55px\" aria-hidden=\"true\" class=\"wp-block-spacer\"><\/div>\n\n\n\n<p><a href=\"http:\/\/evoluscience.fr\/index.php\/cycle-4\/quatrieme-2\/quatrieme\/chapitre-2-les-consequences-des-substances-et-exces-sur-lorganisme\/activite-1\/\">Activit\u00e9 1 &#8211;  Quelles sont les cons\u00e9quences d\u2019un surentra\u00eenement ou d\u2019un dopage sur l\u2019organisme&nbsp;? <\/a><\/p>\n\n\n\n<p><a href=\"http:\/\/evoluscience.fr\/index.php\/cycle-4\/quatrieme-2\/quatrieme\/chapitre-2-les-consequences-des-substances-et-exces-sur-lorganisme\/activite-2\/\">Activit\u00e9 2 &#8211;  Quelles cons\u00e9quences une alimentation trop riche ou trop peu vari\u00e9e peut-elle avoir sur ma sant\u00e9&nbsp;? <\/a><\/p>\n\n\n\n<p><a href=\"http:\/\/evoluscience.fr\/index.php\/cycle-4\/quatrieme\/chapitre-2-les-consequences-des-substances-et-exces-sur-lorganisme\/activite-3\/\"> <\/a><a href=\"http:\/\/evoluscience.fr\/index.php\/cycle-4\/quatrieme-2\/quatrieme\/chapitre-2-les-consequences-des-substances-et-exces-sur-lorganisme\/activite-3\/\">Activit\u00e9 3 &#8211;   En quoi le cerveau a-t-il un r\u00f4le int\u00e9grateur&nbsp;? <\/a><\/p>\n\n\n\n<p><a href=\"http:\/\/evoluscience.fr\/index.php\/cycle-4\/quatrieme-2\/quatrieme\/chapitre-2-les-consequences-des-substances-et-exces-sur-lorganisme\/activite-4\/\"> Activit\u00e9 4 &#8211;  Comment l\u2019information circule-t-elle au niveau des cellules nerveuses&nbsp;? Quelle est l\u2019action de l\u2019alcool sur celles-ci&nbsp;?<\/a> <\/p>\n\n\n\n<p><a href=\"http:\/\/evoluscience.fr\/index.php\/cycle-4\/quatrieme-2\/quatrieme\/chapitre-2-les-consequences-des-substances-et-exces-sur-lorganisme\/activite-5\/\"> Activit\u00e9 5 &#8211;  Comment le tabac agit-il sur l\u2019organisme&nbsp;? <\/a><\/p>\n\n\n\n<p><a href=\"http:\/\/evoluscience.fr\/index.php\/cycle-4\/quatrieme-2\/quatrieme\/chapitre-2-les-consequences-des-substances-et-exces-sur-lorganisme\/activite-6\/\"> Activit\u00e9 <\/a><strong><a href=\"http:\/\/evoluscience.fr\/index.php\/cycle-4\/quatrieme-2\/quatrieme\/chapitre-2-les-consequences-des-substances-et-exces-sur-lorganisme\/activite-6\/\">6<\/a><\/strong><a href=\"http:\/\/evoluscience.fr\/index.php\/cycle-4\/quatrieme-2\/quatrieme\/chapitre-2-les-consequences-des-substances-et-exces-sur-lorganisme\/activite-6\/\">  &#8211;  Quelles sont les actions des drogues et alcool sur l\u2019organisme&nbsp;? <\/a><\/p>\n<\/div>\n<\/div><\/div>\n","protected":false},"excerpt":{"rendered":"","protected":false},"author":1,"featured_media":0,"parent":16,"menu_order":3,"comment_status":"closed","ping_status":"closed","template":"","meta":{"_monsterinsights_skip_tracking":false,"_monsterinsights_sitenote_active":false,"_monsterinsights_sitenote_note":"","_monsterinsights_sitenote_category":0,"_themeisle_gutenberg_block_has_review":false,"footnotes":""},"class_list":["post-896","page","type-page","status-publish","hentry"],"_links":{"self":[{"href":"https:\/\/www.evoluscience.fr\/index.php\/wp-json\/wp\/v2\/pages\/896","targetHints":{"allow":["GET"]}}],"collection":[{"href":"https:\/\/www.evoluscience.fr\/index.php\/wp-json\/wp\/v2\/pages"}],"about":[{"href":"https:\/\/www.evoluscience.fr\/index.php\/wp-json\/wp\/v2\/types\/page"}],"author":[{"embeddable":true,"href":"https:\/\/www.evoluscience.fr\/index.php\/wp-json\/wp\/v2\/users\/1"}],"replies":[{"embeddable":true,"href":"https:\/\/www.evoluscience.fr\/index.php\/wp-json\/wp\/v2\/comments?post=896"}],"version-history":[{"count":0,"href":"https:\/\/www.evoluscience.fr\/index.php\/wp-json\/wp\/v2\/pages\/896\/revisions"}],"up":[{"embeddable":true,"href":"https:\/\/www.evoluscience.fr\/index.php\/wp-json\/wp\/v2\/pages\/16"}],"wp:attachment":[{"href":"https:\/\/www.evoluscience.fr\/index.php\/wp-json\/wp\/v2\/media?parent=896"}],"curies":[{"name":"wp","href":"https:\/\/api.w.org\/{rel}","templated":true}]}}