{"id":820,"date":"2019-09-27T22:09:26","date_gmt":"2019-09-27T20:09:26","guid":{"rendered":"http:\/\/evoluscience.fr\/?page_id=820"},"modified":"2019-09-27T23:00:21","modified_gmt":"2019-09-27T21:00:21","slug":"conclusion","status":"publish","type":"page","link":"https:\/\/www.evoluscience.fr\/index.php\/cycle-4\/quatrieme-2\/quatrieme\/chapitre-1-la-transmission-de-la-vie-chez-lhomme\/activite-2\/conclusion\/","title":{"rendered":"Conclusion"},"content":{"rendered":"\n<div class=\"wp-block-themeisle-blocks-advanced-columns has-1-columns has-desktop-equal-layout has-tablet-equal-layout has-mobile-equal-layout has-default-gap has-vertical-unset\" id=\"wp-block-themeisle-blocks-advanced-columns-bb77cc70\" style=\"border-width:0px;border-style:solid;border-color:#000000;border-radius:0px;justify-content:unset\"><div class=\"wp-themeisle-block-overlay\" style=\"opacity:0.5;mix-blend-mode:normal\"><\/div><div class=\"innerblocks-wrap\">\n<div class=\"wp-block-themeisle-blocks-advanced-column\" id=\"wp-block-themeisle-blocks-advanced-column-1e2a8f0a\" style=\"border-width:0px;border-style:solid;border-color:#000000;border-radius:0px\">\n<p class=\"has-text-color has-drop-cap has-vivid-red-color\">A partir de la pubert\u00e9 et durant toute sa vie, l\u2019homme produit en continu des spermatozo\u00efdes (cellules reproductrices m\u00e2les) au niveau des testicules. <\/p>\n\n\n\n<p class=\"has-text-color has-vivid-red-color\">Ils sont stock\u00e9s et acqui\u00e8rent leur mobilit\u00e9 au niveau de l\u2019\u00e9pididyme. <\/p>\n\n\n\n<p class=\"has-text-color has-vivid-red-color\">La prostate et les v\u00e9sicules s\u00e9minales produisent un liquide permettant la survie des spermatozo\u00efdes dans l\u2019appareil reproducteur f\u00e9minin.<\/p>\n\n\n\n<figure class=\"wp-block-image\"><img loading=\"lazy\" decoding=\"async\" width=\"521\" height=\"390\" src=\"http:\/\/evoluscience.fr\/wp-content\/uploads\/2019\/09\/image-3.png\" alt=\"\" class=\"wp-image-825\" srcset=\"https:\/\/www.evoluscience.fr\/wp-content\/uploads\/2019\/09\/image-3.png 521w, https:\/\/www.evoluscience.fr\/wp-content\/uploads\/2019\/09\/image-3-300x225.png 300w, https:\/\/www.evoluscience.fr\/wp-content\/uploads\/2019\/09\/image-3-520x389.png 520w\" sizes=\"auto, (max-width: 521px) 100vw, 521px\" \/><\/figure>\n<\/div>\n<\/div><\/div>\n","protected":false},"excerpt":{"rendered":"","protected":false},"author":1,"featured_media":0,"parent":816,"menu_order":0,"comment_status":"closed","ping_status":"closed","template":"","meta":{"_monsterinsights_skip_tracking":false,"_monsterinsights_sitenote_active":false,"_monsterinsights_sitenote_note":"","_monsterinsights_sitenote_category":0,"_themeisle_gutenberg_block_has_review":false,"footnotes":""},"class_list":["post-820","page","type-page","status-publish","hentry"],"_links":{"self":[{"href":"https:\/\/www.evoluscience.fr\/index.php\/wp-json\/wp\/v2\/pages\/820","targetHints":{"allow":["GET"]}}],"collection":[{"href":"https:\/\/www.evoluscience.fr\/index.php\/wp-json\/wp\/v2\/pages"}],"about":[{"href":"https:\/\/www.evoluscience.fr\/index.php\/wp-json\/wp\/v2\/types\/page"}],"author":[{"embeddable":true,"href":"https:\/\/www.evoluscience.fr\/index.php\/wp-json\/wp\/v2\/users\/1"}],"replies":[{"embeddable":true,"href":"https:\/\/www.evoluscience.fr\/index.php\/wp-json\/wp\/v2\/comments?post=820"}],"version-history":[{"count":0,"href":"https:\/\/www.evoluscience.fr\/index.php\/wp-json\/wp\/v2\/pages\/820\/revisions"}],"up":[{"embeddable":true,"href":"https:\/\/www.evoluscience.fr\/index.php\/wp-json\/wp\/v2\/pages\/816"}],"wp:attachment":[{"href":"https:\/\/www.evoluscience.fr\/index.php\/wp-json\/wp\/v2\/media?parent=820"}],"curies":[{"name":"wp","href":"https:\/\/api.w.org\/{rel}","templated":true}]}}