{"id":772,"date":"2019-09-27T21:52:00","date_gmt":"2019-09-27T19:52:00","guid":{"rendered":"http:\/\/evoluscience.fr\/?page_id=772"},"modified":"2019-11-02T23:36:22","modified_gmt":"2019-11-02T22:36:22","slug":"chapitre-1-la-transmission-de-la-vie-chez-lhomme","status":"publish","type":"page","link":"https:\/\/www.evoluscience.fr\/index.php\/cycle-4\/quatrieme-2\/quatrieme\/chapitre-1-la-transmission-de-la-vie-chez-lhomme\/","title":{"rendered":"Chapitre 1 &#8211; La transmission de la vie chez l&rsquo;Homme"},"content":{"rendered":"\n<div class=\"wp-block-themeisle-blocks-advanced-columns has-1-columns has-desktop-equal-layout has-tablet-equal-layout has-mobile-equal-layout has-default-gap has-vertical-unset\" id=\"wp-block-themeisle-blocks-advanced-columns-1ad658f7\" style=\"border-width:0px;border-style:solid;border-color:#000000;border-radius:0px;justify-content:unset\"><div class=\"wp-themeisle-block-overlay\" style=\"opacity:0.5;mix-blend-mode:normal\"><\/div><div class=\"innerblocks-wrap\">\n<div class=\"wp-block-themeisle-blocks-advanced-column\" id=\"wp-block-themeisle-blocks-advanced-column-76820c8f\" style=\"border-width:0px;border-style:solid;border-color:#000000;border-radius:0px\">\n<p class=\"has-drop-cap\"><em>Chlo\u00e9 et Bastien entrent en\nclasse de 4<sup>e<\/sup>. Ils sentent qu\u2019ils ont chang\u00e9 depuis la 5<sup>e<\/sup>\nau niveau de leur corps mais aussi au niveau de leur t\u00eate&nbsp;!<\/em><\/p>\n\n\n\n<p><em>Ils se sentent grands et ont\nenvie de faire ce qu\u2019ils veulent.<\/em><\/p>\n\n\n\n<p><em>Pouvez-vous les aider \u00e0 mieux\ncomprendre certaines d\u00e9cisions d\u2019autres adultes pour qu\u2019ils fassent leurs choix\nen toute connaissance de cause&nbsp;?<\/em><\/p>\n\n\n\n<div style=\"height:44px\" aria-hidden=\"true\" class=\"wp-block-spacer\"><\/div>\n\n\n\n<p class=\"has-text-color has-vivid-green-cyan-color\"><strong>Quelles d\u00e9cisions dois-je prendre pour ma sant\u00e9&nbsp;?<\/strong><\/p>\n\n\n\n<div style=\"height:61px\" aria-hidden=\"true\" class=\"wp-block-spacer\"><\/div>\n\n\n\n<p><a href=\"http:\/\/evoluscience.fr\/index.php\/cycle-4\/quatrieme-2\/quatrieme\/chapitre-1-la-transmission-de-la-vie-chez-lhomme\/activite-1\/\">Activit\u00e9 1 &#8211;   Quelle est l\u2019origine des r\u00e8gles et comment le corps de la femme peut-il se pr\u00e9parer \u00e0 accueillir une nouvelle vie\u00a0? <\/a><\/p>\n\n\n\n<p><a href=\"http:\/\/evoluscience.fr\/index.php\/cycle-4\/quatrieme-2\/quatrieme\/chapitre-1-la-transmission-de-la-vie-chez-lhomme\/activite-2\/\">Activit\u00e9 2 &#8211;  Quels changements ont permis le fonctionnement de l\u2019appareil reproducteur masculin? <\/a><\/p>\n\n\n\n<p><a href=\"http:\/\/evoluscience.fr\/index.php\/cycle-4\/quatrieme-2\/quatrieme\/chapitre-1-la-transmission-de-la-vie-chez-lhomme\/activite-3\/\">Activit\u00e9 3 &#8211;  Comment une nouvelle vie peut-elle \u00eatre cr\u00e9\u00e9e? Comment se d\u00e9veloppe le futur b\u00e9b\u00e9? <\/a><\/p>\n\n\n\n<p> <a href=\"http:\/\/evoluscience.fr\/index.php\/cycle-4\/quatrieme-2\/quatrieme\/chapitre-1-la-transmission-de-la-vie-chez-lhomme\/activite-4\/\">Activit\u00e9 4 &#8211;  Quels sont les \u00e9changes entre la m\u00e8re et le futur b\u00e9b\u00e9 pendant la grossesse?  Comment se r\u00e9alise l\u2019accouchement?<\/a> <\/p>\n\n\n\n<p><\/p>\n\n\n\n<p><\/p>\n\n\n\n<p> <a href=\"http:\/\/evoluscience.fr\/index.php\/cycle-4\/quatrieme-2\/quatrieme\/chapitre-1-la-transmission-de-la-vie-chez-lhomme\/activite-5\/\">Activit\u00e9 5 &#8211;  Comment Chlo\u00e9 et Bastien pourront-ils, plus tard, ne pas avoir d\u2019enfant s\u2019ils ne le souhaitent pas? <\/a><\/p>\n\n\n\n<p> <a href=\"http:\/\/evoluscience.fr\/index.php\/cycle-4\/quatrieme-2\/quatrieme\/chapitre-1-la-transmission-de-la-vie-chez-lhomme\/activite-6\/\">Activit\u00e9 6   &#8211;  Comment \u00a0aider les personnes qui souhaitent concevoir un enfant mais qui n\u2019y arrivent pas? <\/a><\/p>\n<\/div>\n<\/div><\/div>\n","protected":false},"excerpt":{"rendered":"","protected":false},"author":1,"featured_media":0,"parent":16,"menu_order":3,"comment_status":"closed","ping_status":"closed","template":"","meta":{"_monsterinsights_skip_tracking":false,"_monsterinsights_sitenote_active":false,"_monsterinsights_sitenote_note":"","_monsterinsights_sitenote_category":0,"_themeisle_gutenberg_block_has_review":false,"footnotes":""},"class_list":["post-772","page","type-page","status-publish","hentry"],"_links":{"self":[{"href":"https:\/\/www.evoluscience.fr\/index.php\/wp-json\/wp\/v2\/pages\/772","targetHints":{"allow":["GET"]}}],"collection":[{"href":"https:\/\/www.evoluscience.fr\/index.php\/wp-json\/wp\/v2\/pages"}],"about":[{"href":"https:\/\/www.evoluscience.fr\/index.php\/wp-json\/wp\/v2\/types\/page"}],"author":[{"embeddable":true,"href":"https:\/\/www.evoluscience.fr\/index.php\/wp-json\/wp\/v2\/users\/1"}],"replies":[{"embeddable":true,"href":"https:\/\/www.evoluscience.fr\/index.php\/wp-json\/wp\/v2\/comments?post=772"}],"version-history":[{"count":0,"href":"https:\/\/www.evoluscience.fr\/index.php\/wp-json\/wp\/v2\/pages\/772\/revisions"}],"up":[{"embeddable":true,"href":"https:\/\/www.evoluscience.fr\/index.php\/wp-json\/wp\/v2\/pages\/16"}],"wp:attachment":[{"href":"https:\/\/www.evoluscience.fr\/index.php\/wp-json\/wp\/v2\/media?parent=772"}],"curies":[{"name":"wp","href":"https:\/\/api.w.org\/{rel}","templated":true}]}}