{"id":587,"date":"2019-09-26T13:32:44","date_gmt":"2019-09-26T11:32:44","guid":{"rendered":"http:\/\/evoluscience.fr\/?page_id=587"},"modified":"2026-04-01T19:33:00","modified_gmt":"2026-04-01T17:33:00","slug":"conclusion","status":"publish","type":"page","link":"https:\/\/www.evoluscience.fr\/index.php\/cycle-4\/cinquieme\/5-corps-et-sante\/chapitre-3-le-fonctionnement-de-lappareil-digestif\/activite-1\/conclusion\/","title":{"rendered":"Conclusion"},"content":{"rendered":"\n<div id=\"wp-block-themeisle-blocks-advanced-columns-9eccab6f\" class=\"wp-block-themeisle-blocks-advanced-columns has-1-columns has-desktop-equal-layout has-tablet-equal-layout has-mobile-equal-layout has-vertical-unset\"><div class=\"wp-block-themeisle-blocks-advanced-columns-overlay\"><\/div><div class=\"innerblocks-wrap\">\n<div id=\"wp-block-themeisle-blocks-advanced-column-bfea907b\" class=\"wp-block-themeisle-blocks-advanced-column\">\n<p class=\"has-drop-cap has-vivid-red-color has-text-color\">La digestion\nest le processus par lequel les mol\u00e9cules organiques sont rompues (r\u00e9duites)\npour \u00eatre rendues absorbables par le tube digestif.<\/p>\n\n\n\n<p class=\"has-vivid-red-color has-text-color\">Les aliments consomm\u00e9s progressent dans le tube digestif en passant par\nla bouche, puis l\u2019\u0153sophage, l\u2019estomac&nbsp; et\nl\u2019intestin gr\u00eale. Dans le gros intestin, l\u2019eau est absorb\u00e9e. Les aliments peu\nabsorb\u00e9s sont \u00e9vacu\u00e9s par l\u2019anus.<\/p>\n\n\n\n<p class=\"has-vivid-red-color has-text-color\">Les sucs digestifs permettent la transformation progressive des macromol\u00e9cules des aliments en nutriments  et n\u2019ont pas les m\u00eames actions sur les glucides, protides et les lipides.&nbsp;&nbsp; <\/p>\n\n\n\n<p>&nbsp; <\/p>\n\n\n\n<p class=\"has-vivid-red-color has-text-color\">Ces transformations chimiques compl\u00e8tent l\u2019action m\u00e9canique.<\/p>\n\n\n<div class=\"wp-block-image\">\n<figure class=\"aligncenter size-full is-resized\"><a href=\"https:\/\/evoluscience.fr\/wp-content\/uploads\/2020\/11\/image-9.png\" target=\"_blank\" rel=\"noopener noreferrer\"><img loading=\"lazy\" decoding=\"async\" width=\"1052\" height=\"676\" src=\"https:\/\/evoluscience.fr\/wp-content\/uploads\/2020\/11\/image-9.png\" alt=\"\" class=\"wp-image-5803\" style=\"width:493px;height:317px\" srcset=\"https:\/\/www.evoluscience.fr\/wp-content\/uploads\/2020\/11\/image-9.png 1052w, https:\/\/www.evoluscience.fr\/wp-content\/uploads\/2020\/11\/image-9-300x193.png 300w, https:\/\/www.evoluscience.fr\/wp-content\/uploads\/2020\/11\/image-9-1024x658.png 1024w, https:\/\/www.evoluscience.fr\/wp-content\/uploads\/2020\/11\/image-9-768x494.png 768w, https:\/\/www.evoluscience.fr\/wp-content\/uploads\/2020\/11\/image-9-520x334.png 520w, https:\/\/www.evoluscience.fr\/wp-content\/uploads\/2020\/11\/image-9-740x476.png 740w\" sizes=\"auto, (max-width: 1052px) 100vw, 1052px\" \/><\/a><figcaption class=\"wp-element-caption\">Cliquer dessus pour agrandir<\/figcaption><\/figure>\n<\/div>\n\n\n<div style=\"height:100px\" aria-hidden=\"true\" class=\"wp-block-spacer\"><\/div>\n\n\n\n<figure class=\"wp-block-video\"><video height=\"1080\" style=\"aspect-ratio: 1920 \/ 1080;\" width=\"1920\" controls poster=\"https:\/\/www.evoluscience.fr\/wp-content\/uploads\/2024\/08\/Les-nutriments-indispensables-au-corps-humain-2e-cycle-mp4-image.png\" src=\"https:\/\/www.evoluscience.fr\/wp-content\/uploads\/2024\/08\/Les-nutriments-indispensables-au-corps-humain-2e-cycle.mp4\"><\/video><\/figure>\n<\/div>\n<\/div><\/div>\n\n\n\n<figure class=\"wp-block-video\"><video height=\"1080\" style=\"aspect-ratio: 1920 \/ 1080;\" width=\"1920\" controls poster=\"https:\/\/www.evoluscience.fr\/wp-content\/uploads\/2026\/04\/Au-coeur-des-organes-La-digestion-mp4-image.png\" src=\"https:\/\/www.evoluscience.fr\/wp-content\/uploads\/2026\/04\/Au-coeur-des-organes-La-digestion.mp4\"><\/video><\/figure>\n\n\n\n<p class=\"has-small-font-size\">Source : <a href=\"https:\/\/www.youtube.com\/watch?v=AnmHhWsGQdA\">https:\/\/www.youtube.com\/watch?v=AnmHhWsGQdA<\/a><\/p>\n","protected":false},"excerpt":{"rendered":"<p>Source : https:\/\/www.youtube.com\/watch?v=AnmHhWsGQdA<\/p>\n","protected":false},"author":1,"featured_media":0,"parent":582,"menu_order":0,"comment_status":"closed","ping_status":"closed","template":"","meta":{"_monsterinsights_skip_tracking":false,"_monsterinsights_sitenote_active":false,"_monsterinsights_sitenote_note":"","_monsterinsights_sitenote_category":0,"_themeisle_gutenberg_block_has_review":false,"footnotes":""},"c2tw_page_folder":[],"class_list":["post-587","page","type-page","status-publish","hentry"],"_links":{"self":[{"href":"https:\/\/www.evoluscience.fr\/index.php\/wp-json\/wp\/v2\/pages\/587","targetHints":{"allow":["GET"]}}],"collection":[{"href":"https:\/\/www.evoluscience.fr\/index.php\/wp-json\/wp\/v2\/pages"}],"about":[{"href":"https:\/\/www.evoluscience.fr\/index.php\/wp-json\/wp\/v2\/types\/page"}],"author":[{"embeddable":true,"href":"https:\/\/www.evoluscience.fr\/index.php\/wp-json\/wp\/v2\/users\/1"}],"replies":[{"embeddable":true,"href":"https:\/\/www.evoluscience.fr\/index.php\/wp-json\/wp\/v2\/comments?post=587"}],"version-history":[{"count":0,"href":"https:\/\/www.evoluscience.fr\/index.php\/wp-json\/wp\/v2\/pages\/587\/revisions"}],"up":[{"embeddable":true,"href":"https:\/\/www.evoluscience.fr\/index.php\/wp-json\/wp\/v2\/pages\/582"}],"wp:attachment":[{"href":"https:\/\/www.evoluscience.fr\/index.php\/wp-json\/wp\/v2\/media?parent=587"}],"wp:term":[{"taxonomy":"c2tw_page_folder","embeddable":true,"href":"https:\/\/www.evoluscience.fr\/index.php\/wp-json\/wp\/v2\/c2tw_page_folder?post=587"}],"curies":[{"name":"wp","href":"https:\/\/api.w.org\/{rel}","templated":true}]}}