{"id":502,"date":"2019-09-25T16:26:20","date_gmt":"2019-09-25T14:26:20","guid":{"rendered":"http:\/\/evoluscience.fr\/?page_id=502"},"modified":"2025-11-12T16:59:29","modified_gmt":"2025-11-12T15:59:29","slug":"capsule-pour-dans-deux-seances","status":"publish","type":"page","link":"https:\/\/www.evoluscience.fr\/index.php\/cycle-4\/cinquieme\/5-corps-et-sante\/chapitre-1-activite-musculaire-et-besoin-en-energie\/activite-2\/capsule-pour-dans-deux-seances\/","title":{"rendered":"Capsules"},"content":{"rendered":"<div id=\"modal-ready\">\n<div id=\"wp-block-themeisle-blocks-advanced-columns-084ac66b\" class=\"wp-block-themeisle-blocks-advanced-columns has-1-columns has-desktop-equal-layout has-tablet-equal-layout has-mobile-equal-layout has-vertical-unset\"><div class=\"wp-block-themeisle-blocks-advanced-columns-overlay\"><\/div><div class=\"innerblocks-wrap\">\n<div id=\"wp-block-themeisle-blocks-advanced-column-53efe9af\" class=\"wp-block-themeisle-blocks-advanced-column\">\n<p>Pour dans deux s\u00e9ances:<\/p>\n\n\n\n<p><em>A partir de l\u2019extrait vid\u00e9o (de 4 :28 \u00e0 8 :30), compl\u00e9ter le sch\u00e9ma repr\u00e9sentant l\u2019appareil respiratoire de l&rsquo;Homme et r\u00e9pondre aux deux questions sur un brouillon<\/em>.<\/p>\n\n\n<div class=\"wp-block-image\">\n<figure class=\"aligncenter size-full is-resized\"><a href=\"https:\/\/www.evoluscience.fr\/wp-content\/uploads\/2024\/08\/Cest-pas-sorcier-NOS-POUMONS-SOURCES-DINSPIRATION.mp4\" target=\"_blank\" rel=\"noreferrer noopener\"><img loading=\"lazy\" decoding=\"async\" width=\"469\" height=\"320\" src=\"https:\/\/www.evoluscience.fr\/wp-content\/uploads\/2024\/08\/image-1.png\" alt=\"\" class=\"wp-image-10207\" style=\"width:633px;height:auto\" srcset=\"https:\/\/www.evoluscience.fr\/wp-content\/uploads\/2024\/08\/image-1.png 469w, https:\/\/www.evoluscience.fr\/wp-content\/uploads\/2024\/08\/image-1-300x205.png 300w\" sizes=\"auto, (max-width: 469px) 100vw, 469px\" \/><\/a><\/figure>\n<\/div>\n\n\n<p>Source : <a href=\"https:\/\/www.youtube.com\/watch?v=drSiOlmp7N4\" target=\"_blank\" rel=\"noopener\" title=\"\">https:\/\/www.youtube.com\/watch?v=drSiOlmp7N4<\/a><\/p>\n\n\n\n<p><em>&#8211; Que se passe-t-il lors de<br>l\u2019inspiration ? <\/em><\/p>\n\n\n\n<p><em>&#8211; Que se passe-t-il lors de\nl\u2019expiration ?<\/em><\/p>\n<\/div>\n<\/div><\/div>\n\n\n\n<p class=\"has-text-align-center has-vivid-red-color has-text-color has-medium-font-size\"><strong>+<\/strong><\/p>\n\n\n\n<p class=\"has-vivid-red-color has-text-color\"><strong>Attention \u00e0 pr\u00e9parer en avance!<\/strong><\/p>\n\n\n\n<p>Expliquer quels sont les besoins alimentaires d\u2019un \u00e9l\u00e8ve de 5e sous forme d\u2019une vid\u00e9o (Spark Vid\u00e9o, keynote, iMovie\u2026).<\/p>\n\n\n\n<p>La vid\u00e9o peut \u00eatre r\u00e9alis\u00e9e seul(e), \u00e0 deux ou trois personnes.<\/p>\n\n\n\n<p><iframe loading=\"lazy\" src=\"https:\/\/anchor.fm\/laure-emilie-verkest\/embed\/episodes\/Capsule--vido-5e-les-besoins-alimentaires-dun-e-lve-de-5e-ekkbu9\/a-a57pl6\" height=\"102px\" width=\"400px\" frameborder=\"0\" scrolling=\"no\"><\/iframe><\/p>\n\n\n\n<p class=\"has-medium-font-size\">Elle est \u00e0 envoyer dans OneDrive avant le 02\/11.<\/p>\n\n\n\n<figure class=\"wp-block-image size-large\"><img loading=\"lazy\" decoding=\"async\" width=\"638\" height=\"581\" src=\"https:\/\/evoluscience.fr\/wp-content\/uploads\/2020\/10\/Grille-evaluation-5e.jpg\" alt=\"\" class=\"wp-image-5655\" srcset=\"https:\/\/www.evoluscience.fr\/wp-content\/uploads\/2020\/10\/Grille-evaluation-5e.jpg 638w, https:\/\/www.evoluscience.fr\/wp-content\/uploads\/2020\/10\/Grille-evaluation-5e-300x273.jpg 300w, https:\/\/www.evoluscience.fr\/wp-content\/uploads\/2020\/10\/Grille-evaluation-5e-520x474.jpg 520w\" sizes=\"auto, (max-width: 638px) 100vw, 638px\" \/><\/figure>\n\n\n\n<p><br>Fiche m\u00e9thodologique pour aider si travail de groupe:<\/p>\n\n\n\n<figure class=\"wp-block-embed is-type-wp-embed is-provider-contenu-embarqu wp-block-embed-contenu-embarqu\"><div class=\"wp-block-embed__wrapper\">\n<blockquote class=\"wp-embedded-content\" data-secret=\"Mu9lbbneyv\"><a href=\"https:\/\/www.evoluscience.fr\/index.php\/methodologie\/fiches-methodologiques\/realiser-un-expose\/\">R\u00e9aliser un expos\u00e9 ou une vid\u00e9o<\/a><\/blockquote><iframe loading=\"lazy\" class=\"wp-embedded-content\" sandbox=\"allow-scripts\" security=\"restricted\" style=\"position: absolute; visibility: hidden;\" title=\"\u00ab\u00a0R\u00e9aliser un expos\u00e9 ou une vid\u00e9o\u00a0\u00bb &#8212; \" src=\"https:\/\/www.evoluscience.fr\/index.php\/methodologie\/fiches-methodologiques\/realiser-un-expose\/embed\/#?secret=YGOYtcVOkm#?secret=Mu9lbbneyv\" data-secret=\"Mu9lbbneyv\" width=\"600\" height=\"338\" frameborder=\"0\" marginwidth=\"0\" marginheight=\"0\" scrolling=\"no\"><\/iframe>\n<\/div><\/figure>\n\n\n\n<p><br><\/p>\n\n\n\n<p><\/p>\n\n\n\n<p>Exemple de vid\u00e9o sur un autre th\u00e8me<\/p>\n\n\n\n<figure class=\"wp-block-video\"><video height=\"720\" style=\"aspect-ratio: 1280 \/ 720;\" width=\"1280\" controls src=\"http:\/\/evoluscience.fr\/wp-content\/uploads\/2019\/09\/SIDA-Eloise-et-LiliRose.mp4\"><\/video><figcaption class=\"wp-element-caption\">Vid\u00e9o d&rsquo;\u00e9l\u00e8ves concernant le SIDA<\/figcaption><\/figure>\n\n\n\n<p>Exemples de sites internet pour commencer les recherches&nbsp;:<\/p>\n\n\n\n<p><\/p>\n\n\n\n<p><\/p>\n\n\n\n<p><a href=\"https:\/\/www.ameli.fr\/assure\/sante\/themes\/alimentation\/alimentation-de-l-enfant-et-de-l-adolescent-de-3-18-ans\/alimentation-adolescents\">https:\/\/www.ameli.fr\/assure\/sante\/themes\/alimentation\/alimentation-de-l-enfant-et-de-l-adolescent-de-3-18-ans\/alimentation-adolescents<\/a><\/p>\n\n\n\n<p><a href=\"https:\/\/sante.gouv.fr\/IMG\/pdf\/guide_ado.pdf\">https:\/\/sante.gouv.fr\/IMG\/pdf\/guide_ado.pdf<\/a><\/p>\n\n\n\n<p><\/p>\n\n\n\n<p><\/p>\n\n\n\n<p><\/p>\n<\/div>","protected":false},"excerpt":{"rendered":"<p>+ Attention \u00e0 pr\u00e9parer en avance! Expliquer quels sont les besoins alimentaires d\u2019un \u00e9l\u00e8ve de 5e sous forme d\u2019une vid\u00e9o (Spark Vid\u00e9o, keynote, iMovie\u2026). La vid\u00e9o peut \u00eatre r\u00e9alis\u00e9e seul(e), \u00e0 deux ou trois personnes.<a class=\"read-more\" href=\"https:\/\/www.evoluscience.fr\/index.php\/cycle-4\/cinquieme\/5-corps-et-sante\/chapitre-1-activite-musculaire-et-besoin-en-energie\/activite-2\/capsule-pour-dans-deux-seances\/\">Continue reading<\/a><\/p>\n","protected":false},"author":1,"featured_media":0,"parent":487,"menu_order":3,"comment_status":"closed","ping_status":"closed","template":"","meta":{"om_disable_all_campaigns":false,"_monsterinsights_skip_tracking":false,"_monsterinsights_sitenote_active":false,"_monsterinsights_sitenote_note":"","_monsterinsights_sitenote_category":0,"_themeisle_gutenberg_block_has_review":false,"footnotes":""},"c2tw_page_folder":[],"class_list":["post-502","page","type-page","status-publish","hentry"],"aioseo_notices":[],"_links":{"self":[{"href":"https:\/\/www.evoluscience.fr\/index.php\/wp-json\/wp\/v2\/pages\/502","targetHints":{"allow":["GET"]}}],"collection":[{"href":"https:\/\/www.evoluscience.fr\/index.php\/wp-json\/wp\/v2\/pages"}],"about":[{"href":"https:\/\/www.evoluscience.fr\/index.php\/wp-json\/wp\/v2\/types\/page"}],"author":[{"embeddable":true,"href":"https:\/\/www.evoluscience.fr\/index.php\/wp-json\/wp\/v2\/users\/1"}],"replies":[{"embeddable":true,"href":"https:\/\/www.evoluscience.fr\/index.php\/wp-json\/wp\/v2\/comments?post=502"}],"version-history":[{"count":0,"href":"https:\/\/www.evoluscience.fr\/index.php\/wp-json\/wp\/v2\/pages\/502\/revisions"}],"up":[{"embeddable":true,"href":"https:\/\/www.evoluscience.fr\/index.php\/wp-json\/wp\/v2\/pages\/487"}],"wp:attachment":[{"href":"https:\/\/www.evoluscience.fr\/index.php\/wp-json\/wp\/v2\/media?parent=502"}],"wp:term":[{"taxonomy":"c2tw_page_folder","embeddable":true,"href":"https:\/\/www.evoluscience.fr\/index.php\/wp-json\/wp\/v2\/c2tw_page_folder?post=502"}],"curies":[{"name":"wp","href":"https:\/\/api.w.org\/{rel}","templated":true}]}}