{"id":4063,"date":"2020-03-04T04:25:49","date_gmt":"2020-03-04T03:25:49","guid":{"rendered":"http:\/\/evoluscience.fr\/?page_id=4063"},"modified":"2020-04-16T19:01:41","modified_gmt":"2020-04-16T17:01:41","slug":"conclusion","status":"publish","type":"page","link":"https:\/\/www.evoluscience.fr\/index.php\/cycle-4\/troisieme-2\/3e-la-planete-terre-lenvironnement-laction-humaine\/chapitre-3-levolution-de-la-surface-de-la-terre-au-cours-du-temps\/activite-4\/conclusion\/","title":{"rendered":"Conclusion"},"content":{"rendered":"\n<div class=\"wp-block-themeisle-blocks-advanced-columns has-1-columns has-desktop-equal-layout has-tablet-equal-layout has-mobile-equal-layout has-default-gap has-vertical-unset\" id=\"wp-block-themeisle-blocks-advanced-columns-8c147e36\"><div class=\"wp-block-themeisle-blocks-advanced-columns-overlay\"><\/div><div class=\"innerblocks-wrap\">\n<div class=\"wp-block-themeisle-blocks-advanced-column\" id=\"wp-block-themeisle-blocks-advanced-column-d3af1aa3\">\n<p class=\"has-text-color has-drop-cap has-vivid-red-color\">\u00c0 raison de quelques centim\u00e8tres par an, les plaques lithosph\u00e9riques\ns\u2019\u00e9cartent et se forment dans l&rsquo;axe des dorsales. C\u2019est la divergence.<\/p>\n\n\n\n<p class=\"has-text-color has-vivid-red-color\">Le volcanisme dans les dorsales est effusif.<\/p>\n\n\n\n<div style=\"height:100px\" aria-hidden=\"true\" class=\"wp-block-spacer\"><\/div>\n\n\n\n<div class=\"wp-block-image\"><figure class=\"aligncenter size-large\"><a href=\"http:\/\/evoluscience.fr\/wp-content\/uploads\/2020\/04\/3-PT-Chp3-sch\u00e9ma-bilan-de-la-tectonique-des-plaques2-scaled.jpg\" target=\"_blank\" rel=\"noreferrer noopener\"><img loading=\"lazy\" decoding=\"async\" width=\"1024\" height=\"730\" src=\"http:\/\/evoluscience.fr\/wp-content\/uploads\/2020\/04\/3-PT-Chp3-sch\u00e9ma-bilan-de-la-tectonique-des-plaques2-1024x730.jpg\" alt=\"\" class=\"wp-image-4812\" srcset=\"https:\/\/www.evoluscience.fr\/wp-content\/uploads\/2020\/04\/3-PT-Chp3-sch\u00e9ma-bilan-de-la-tectonique-des-plaques2-1024x730.jpg 1024w, https:\/\/www.evoluscience.fr\/wp-content\/uploads\/2020\/04\/3-PT-Chp3-sch\u00e9ma-bilan-de-la-tectonique-des-plaques2-300x214.jpg 300w, https:\/\/www.evoluscience.fr\/wp-content\/uploads\/2020\/04\/3-PT-Chp3-sch\u00e9ma-bilan-de-la-tectonique-des-plaques2-768x547.jpg 768w, https:\/\/www.evoluscience.fr\/wp-content\/uploads\/2020\/04\/3-PT-Chp3-sch\u00e9ma-bilan-de-la-tectonique-des-plaques2-1536x1094.jpg 1536w, https:\/\/www.evoluscience.fr\/wp-content\/uploads\/2020\/04\/3-PT-Chp3-sch\u00e9ma-bilan-de-la-tectonique-des-plaques2-2048x1459.jpg 2048w, https:\/\/www.evoluscience.fr\/wp-content\/uploads\/2020\/04\/3-PT-Chp3-sch\u00e9ma-bilan-de-la-tectonique-des-plaques2-520x371.jpg 520w, https:\/\/www.evoluscience.fr\/wp-content\/uploads\/2020\/04\/3-PT-Chp3-sch\u00e9ma-bilan-de-la-tectonique-des-plaques2-740x527.jpg 740w\" sizes=\"auto, (max-width: 1024px) 100vw, 1024px\" \/><\/a><\/figure><\/div>\n<\/div>\n<\/div><\/div>\n","protected":false},"excerpt":{"rendered":"","protected":false},"author":1,"featured_media":0,"parent":4059,"menu_order":1,"comment_status":"closed","ping_status":"closed","template":"","meta":{"_monsterinsights_skip_tracking":false,"_monsterinsights_sitenote_active":false,"_monsterinsights_sitenote_note":"","_monsterinsights_sitenote_category":0,"_themeisle_gutenberg_block_has_review":false,"footnotes":""},"class_list":["post-4063","page","type-page","status-publish","hentry"],"_links":{"self":[{"href":"https:\/\/www.evoluscience.fr\/index.php\/wp-json\/wp\/v2\/pages\/4063","targetHints":{"allow":["GET"]}}],"collection":[{"href":"https:\/\/www.evoluscience.fr\/index.php\/wp-json\/wp\/v2\/pages"}],"about":[{"href":"https:\/\/www.evoluscience.fr\/index.php\/wp-json\/wp\/v2\/types\/page"}],"author":[{"embeddable":true,"href":"https:\/\/www.evoluscience.fr\/index.php\/wp-json\/wp\/v2\/users\/1"}],"replies":[{"embeddable":true,"href":"https:\/\/www.evoluscience.fr\/index.php\/wp-json\/wp\/v2\/comments?post=4063"}],"version-history":[{"count":0,"href":"https:\/\/www.evoluscience.fr\/index.php\/wp-json\/wp\/v2\/pages\/4063\/revisions"}],"up":[{"embeddable":true,"href":"https:\/\/www.evoluscience.fr\/index.php\/wp-json\/wp\/v2\/pages\/4059"}],"wp:attachment":[{"href":"https:\/\/www.evoluscience.fr\/index.php\/wp-json\/wp\/v2\/media?parent=4063"}],"curies":[{"name":"wp","href":"https:\/\/api.w.org\/{rel}","templated":true}]}}