{"id":4041,"date":"2020-03-04T04:06:44","date_gmt":"2020-03-04T03:06:44","guid":{"rendered":"http:\/\/evoluscience.fr\/?page_id=4041"},"modified":"2020-04-16T18:58:33","modified_gmt":"2020-04-16T16:58:33","slug":"conclusion","status":"publish","type":"page","link":"https:\/\/www.evoluscience.fr\/index.php\/cycle-4\/troisieme-2\/3e-la-planete-terre-lenvironnement-laction-humaine\/chapitre-3-levolution-de-la-surface-de-la-terre-au-cours-du-temps\/activite-2\/conclusion\/","title":{"rendered":"Conclusion"},"content":{"rendered":"\n<div class=\"wp-block-themeisle-blocks-advanced-columns has-1-columns has-desktop-equal-layout has-tablet-equal-layout has-mobile-equal-layout has-default-gap has-vertical-unset\" id=\"wp-block-themeisle-blocks-advanced-columns-aee5f2e7\"><div class=\"wp-block-themeisle-blocks-advanced-columns-overlay\"><\/div><div class=\"innerblocks-wrap\">\n<div class=\"wp-block-themeisle-blocks-advanced-column\" id=\"wp-block-themeisle-blocks-advanced-column-cdd28f02\">\n<p class=\"has-text-color has-drop-cap has-vivid-red-color\">Les plaques sont mobiles les unes par rapport aux autres et leurs mouvements transforment la surface du globe: c&rsquo;est la tectonique des plaques. <\/p>\n\n\n\n<p class=\"has-text-color has-vivid-red-color\">Au niveau des limites de plaques, de l\u2019\u00e9nergie produite au sein de l\u2019asth\u00e9nosph\u00e8re est dissip\u00e9e sous forme de chaleur.<\/p>\n\n\n\n<p class=\"has-text-color has-vivid-red-color\">Lors du mouvement des plaques lithosph\u00e9riques,\nl\u2019accumulation de tensions entra\u00eene des mouvements des blocs rocheux au niveau\nd\u2019une faille.&nbsp;: d\u00e9clenchement d\u2019un s\u00e9isme.<\/p>\n\n\n\n<p class=\"has-text-color has-vivid-red-color\">Les plaques ont pu se rejoindre et former la Pang\u00e9e, il y a 250Ma.<\/p>\n\n\n\n<div style=\"height:33px\" aria-hidden=\"true\" class=\"wp-block-spacer\"><\/div>\n\n\n\n<figure class=\"wp-block-image size-large\"><a href=\"http:\/\/evoluscience.fr\/wp-content\/uploads\/2020\/04\/3-PT-Chp3-carte-tectonique-des-plaques-mouvements-scaled.jpg\" target=\"_blank\" rel=\"noreferrer noopener\"><img loading=\"lazy\" decoding=\"async\" width=\"1024\" height=\"724\" src=\"http:\/\/evoluscience.fr\/wp-content\/uploads\/2020\/04\/3-PT-Chp3-carte-tectonique-des-plaques-mouvements-1024x724.jpg\" alt=\"\" class=\"wp-image-4797\" srcset=\"https:\/\/www.evoluscience.fr\/wp-content\/uploads\/2020\/04\/3-PT-Chp3-carte-tectonique-des-plaques-mouvements-1024x724.jpg 1024w, https:\/\/www.evoluscience.fr\/wp-content\/uploads\/2020\/04\/3-PT-Chp3-carte-tectonique-des-plaques-mouvements-300x212.jpg 300w, https:\/\/www.evoluscience.fr\/wp-content\/uploads\/2020\/04\/3-PT-Chp3-carte-tectonique-des-plaques-mouvements-768x543.jpg 768w, https:\/\/www.evoluscience.fr\/wp-content\/uploads\/2020\/04\/3-PT-Chp3-carte-tectonique-des-plaques-mouvements-1536x1085.jpg 1536w, https:\/\/www.evoluscience.fr\/wp-content\/uploads\/2020\/04\/3-PT-Chp3-carte-tectonique-des-plaques-mouvements-2048x1447.jpg 2048w, https:\/\/www.evoluscience.fr\/wp-content\/uploads\/2020\/04\/3-PT-Chp3-carte-tectonique-des-plaques-mouvements-520x367.jpg 520w, https:\/\/www.evoluscience.fr\/wp-content\/uploads\/2020\/04\/3-PT-Chp3-carte-tectonique-des-plaques-mouvements-740x523.jpg 740w\" sizes=\"auto, (max-width: 1024px) 100vw, 1024px\" \/><\/a><\/figure>\n<\/div>\n<\/div><\/div>\n","protected":false},"excerpt":{"rendered":"","protected":false},"author":1,"featured_media":0,"parent":4029,"menu_order":1,"comment_status":"closed","ping_status":"closed","template":"","meta":{"_monsterinsights_skip_tracking":false,"_monsterinsights_sitenote_active":false,"_monsterinsights_sitenote_note":"","_monsterinsights_sitenote_category":0,"_themeisle_gutenberg_block_has_review":false,"footnotes":""},"class_list":["post-4041","page","type-page","status-publish","hentry"],"_links":{"self":[{"href":"https:\/\/www.evoluscience.fr\/index.php\/wp-json\/wp\/v2\/pages\/4041","targetHints":{"allow":["GET"]}}],"collection":[{"href":"https:\/\/www.evoluscience.fr\/index.php\/wp-json\/wp\/v2\/pages"}],"about":[{"href":"https:\/\/www.evoluscience.fr\/index.php\/wp-json\/wp\/v2\/types\/page"}],"author":[{"embeddable":true,"href":"https:\/\/www.evoluscience.fr\/index.php\/wp-json\/wp\/v2\/users\/1"}],"replies":[{"embeddable":true,"href":"https:\/\/www.evoluscience.fr\/index.php\/wp-json\/wp\/v2\/comments?post=4041"}],"version-history":[{"count":0,"href":"https:\/\/www.evoluscience.fr\/index.php\/wp-json\/wp\/v2\/pages\/4041\/revisions"}],"up":[{"embeddable":true,"href":"https:\/\/www.evoluscience.fr\/index.php\/wp-json\/wp\/v2\/pages\/4029"}],"wp:attachment":[{"href":"https:\/\/www.evoluscience.fr\/index.php\/wp-json\/wp\/v2\/media?parent=4041"}],"curies":[{"name":"wp","href":"https:\/\/api.w.org\/{rel}","templated":true}]}}