{"id":3982,"date":"2020-03-03T21:58:18","date_gmt":"2020-03-03T20:58:18","guid":{"rendered":"http:\/\/evoluscience.fr\/?page_id=3982"},"modified":"2024-04-26T18:49:35","modified_gmt":"2024-04-26T16:49:35","slug":"capsules","status":"publish","type":"page","link":"https:\/\/www.evoluscience.fr\/index.php\/cycle-4\/troisieme-2\/3e-la-planete-terre-lenvironnement-laction-humaine\/chapitre-2-les-evolutions-meteorologiques-et-climatiques-au-cours-du-temps\/activite-3\/capsules\/","title":{"rendered":"Capsules"},"content":{"rendered":"\n<div id=\"wp-block-themeisle-blocks-advanced-columns-20da0281\" class=\"wp-block-themeisle-blocks-advanced-columns has-1-columns has-desktop-equal-layout has-tablet-equal-layout has-mobile-equal-layout has-vertical-unset\"><div class=\"wp-block-themeisle-blocks-advanced-columns-overlay\"><\/div><div class=\"innerblocks-wrap\">\n<div id=\"wp-block-themeisle-blocks-advanced-column-8bd42e85\" class=\"wp-block-themeisle-blocks-advanced-column\">\n<p>Revoir le cours sur la Terre, les s\u00e9ismes et les volcans.<\/p>\n\n\n\n<div style=\"height:36px\" aria-hidden=\"true\" class=\"wp-block-spacer\"><\/div>\n\n\n\n<p class=\"has-text-align-center\">+<\/p>\n\n\n\n<div style=\"height:32px\" aria-hidden=\"true\" class=\"wp-block-spacer\"><\/div>\n\n\n\n<p>Ajouter un calque sur le planisph\u00e8re du cours de 5<sup>e<\/sup> Partie Terre Chp3Act2. <\/p>\n\n\n\n<p>Sur le calque, tracer au crayon \u00e0 papier un trait sur la zone pr\u00e9sentant des s\u00e9ismes et des volcans.<\/p>\n\n\n\n<p>Si vous n&rsquo;\u00e9tiez pas en 5e avec nous:<\/p>\n\n\n<div class=\"wp-block-image\">\n<figure class=\"aligncenter size-large\"><a href=\"http:\/\/evoluscience.fr\/wp-content\/uploads\/2020\/04\/458016.jpg\" target=\"_blank\" rel=\"noreferrer noopener\"><img loading=\"lazy\" decoding=\"async\" width=\"550\" height=\"348\" src=\"http:\/\/evoluscience.fr\/wp-content\/uploads\/2020\/04\/458016.jpg\" alt=\"\" class=\"wp-image-4756\" srcset=\"https:\/\/www.evoluscience.fr\/wp-content\/uploads\/2020\/04\/458016.jpg 550w, https:\/\/www.evoluscience.fr\/wp-content\/uploads\/2020\/04\/458016-300x190.jpg 300w, https:\/\/www.evoluscience.fr\/wp-content\/uploads\/2020\/04\/458016-520x329.jpg 520w\" sizes=\"auto, (max-width: 550px) 100vw, 550px\" \/><\/a><figcaption class=\"wp-element-caption\">Carte montrant la r\u00e9partition des s\u00e9ismes et des volcans dans le monde<\/figcaption><\/figure>\n<\/div>\n\n\n<div style=\"height:33px\" aria-hidden=\"true\" class=\"wp-block-spacer\"><\/div>\n\n\n\n<p>A partir de recherches (ou de la vid\u00e9o animation), indiquer dessus le nom des plaques lithosph\u00e9riques.<\/p>\n\n\n\n<p><\/p>\n\n\n\n<p><\/p>\n\n\n\n<figure class=\"wp-block-video aligncenter\"><video height=\"902\" style=\"aspect-ratio: 1202 \/ 902;\" width=\"1202\" controls src=\"http:\/\/evoluscience.fr\/wp-content\/uploads\/2020\/04\/Vid\u00e9o-animation-Limites-de-plaques-lithosph\u00e9riques.mp4\"><\/video><\/figure>\n\n\n\n<p>Apporter deux autres calques.  Pour dans deux s\u00e9ances. <\/p>\n<\/div>\n<\/div><\/div>\n","protected":false},"excerpt":{"rendered":"","protected":false},"author":1,"featured_media":0,"parent":3973,"menu_order":2,"comment_status":"closed","ping_status":"closed","template":"","meta":{"_monsterinsights_skip_tracking":false,"_monsterinsights_sitenote_active":false,"_monsterinsights_sitenote_note":"","_monsterinsights_sitenote_category":0,"_themeisle_gutenberg_block_has_review":false,"footnotes":""},"class_list":["post-3982","page","type-page","status-publish","hentry"],"_links":{"self":[{"href":"https:\/\/www.evoluscience.fr\/index.php\/wp-json\/wp\/v2\/pages\/3982","targetHints":{"allow":["GET"]}}],"collection":[{"href":"https:\/\/www.evoluscience.fr\/index.php\/wp-json\/wp\/v2\/pages"}],"about":[{"href":"https:\/\/www.evoluscience.fr\/index.php\/wp-json\/wp\/v2\/types\/page"}],"author":[{"embeddable":true,"href":"https:\/\/www.evoluscience.fr\/index.php\/wp-json\/wp\/v2\/users\/1"}],"replies":[{"embeddable":true,"href":"https:\/\/www.evoluscience.fr\/index.php\/wp-json\/wp\/v2\/comments?post=3982"}],"version-history":[{"count":0,"href":"https:\/\/www.evoluscience.fr\/index.php\/wp-json\/wp\/v2\/pages\/3982\/revisions"}],"up":[{"embeddable":true,"href":"https:\/\/www.evoluscience.fr\/index.php\/wp-json\/wp\/v2\/pages\/3973"}],"wp:attachment":[{"href":"https:\/\/www.evoluscience.fr\/index.php\/wp-json\/wp\/v2\/media?parent=3982"}],"curies":[{"name":"wp","href":"https:\/\/api.w.org\/{rel}","templated":true}]}}