{"id":3775,"date":"2020-03-03T13:26:17","date_gmt":"2020-03-03T12:26:17","guid":{"rendered":"http:\/\/evoluscience.fr\/?page_id=3775"},"modified":"2020-04-26T11:07:08","modified_gmt":"2020-04-26T09:07:08","slug":"conclusion","status":"publish","type":"page","link":"https:\/\/www.evoluscience.fr\/index.php\/cycle-4\/quatrieme-2\/4e-la-planete-terre-lenvironnement-laction-humaine\/chapitre-3-la-meteorologie\/activite-2\/conclusion\/","title":{"rendered":"Conclusion"},"content":{"rendered":"\n<div class=\"wp-block-themeisle-blocks-advanced-columns has-1-columns has-desktop-equal-layout has-tablet-equal-layout has-mobile-equal-layout has-default-gap has-vertical-unset\" id=\"wp-block-themeisle-blocks-advanced-columns-db63a860\"><div class=\"wp-block-themeisle-blocks-advanced-columns-overlay\"><\/div><div class=\"innerblocks-wrap\">\n<div class=\"wp-block-themeisle-blocks-advanced-column\" id=\"wp-block-themeisle-blocks-advanced-column-c59f683f\">\n<p class=\"has-text-color has-drop-cap has-vivid-red-color\">Le moteur des\nmouvements atmosph\u00e9riques est l\u2019in\u00e9galit\u00e9 du rayonnement solaire \u00e0 la surface\nde la Terre (principalement au niveau de l\u2019\u00e9quateur). <\/p>\n\n\n\n<p class=\"has-text-color has-vivid-red-color\">Des mouvements ascendants d\u2019air \u00a0chaud (r\u00e9chauff\u00e9 par le soleil) se cr\u00e9ent, mais en s&rsquo;\u00e9levant, l&rsquo;air se refroidit. La vapeur d&rsquo;eau se transforme en eau liquide.<\/p>\n\n\n\n<p class=\"has-text-color has-vivid-red-color\">Puis, l&rsquo;air froid redescend vers le sol.<\/p>\n\n\n\n<div class=\"wp-block-image\"><figure class=\"aligncenter size-large is-resized\"><img loading=\"lazy\" decoding=\"async\" src=\"http:\/\/evoluscience.fr\/wp-content\/uploads\/2020\/03\/image-8.png\" alt=\"\" class=\"wp-image-3779\" width=\"401\" height=\"386\" srcset=\"https:\/\/www.evoluscience.fr\/wp-content\/uploads\/2020\/03\/image-8.png 325w, https:\/\/www.evoluscience.fr\/wp-content\/uploads\/2020\/03\/image-8-300x289.png 300w\" sizes=\"auto, (max-width: 401px) 100vw, 401px\" \/><\/figure><\/div>\n\n\n\n<p><\/p>\n<\/div>\n<\/div><\/div>\n","protected":false},"excerpt":{"rendered":"","protected":false},"author":1,"featured_media":0,"parent":3769,"menu_order":1,"comment_status":"closed","ping_status":"closed","template":"","meta":{"_monsterinsights_skip_tracking":false,"_monsterinsights_sitenote_active":false,"_monsterinsights_sitenote_note":"","_monsterinsights_sitenote_category":0,"_themeisle_gutenberg_block_has_review":false,"footnotes":""},"class_list":["post-3775","page","type-page","status-publish","hentry"],"_links":{"self":[{"href":"https:\/\/www.evoluscience.fr\/index.php\/wp-json\/wp\/v2\/pages\/3775","targetHints":{"allow":["GET"]}}],"collection":[{"href":"https:\/\/www.evoluscience.fr\/index.php\/wp-json\/wp\/v2\/pages"}],"about":[{"href":"https:\/\/www.evoluscience.fr\/index.php\/wp-json\/wp\/v2\/types\/page"}],"author":[{"embeddable":true,"href":"https:\/\/www.evoluscience.fr\/index.php\/wp-json\/wp\/v2\/users\/1"}],"replies":[{"embeddable":true,"href":"https:\/\/www.evoluscience.fr\/index.php\/wp-json\/wp\/v2\/comments?post=3775"}],"version-history":[{"count":0,"href":"https:\/\/www.evoluscience.fr\/index.php\/wp-json\/wp\/v2\/pages\/3775\/revisions"}],"up":[{"embeddable":true,"href":"https:\/\/www.evoluscience.fr\/index.php\/wp-json\/wp\/v2\/pages\/3769"}],"wp:attachment":[{"href":"https:\/\/www.evoluscience.fr\/index.php\/wp-json\/wp\/v2\/media?parent=3775"}],"curies":[{"name":"wp","href":"https:\/\/api.w.org\/{rel}","templated":true}]}}