{"id":3728,"date":"2020-03-03T10:29:47","date_gmt":"2020-03-03T09:29:47","guid":{"rendered":"http:\/\/evoluscience.fr\/?page_id=3728"},"modified":"2025-02-21T15:43:14","modified_gmt":"2025-02-21T14:43:14","slug":"activite-1","status":"publish","type":"page","link":"https:\/\/www.evoluscience.fr\/index.php\/cycle-4\/quatrieme-2\/4e-la-planete-terre-lenvironnement-laction-humaine\/chapitre-3-la-meteorologie\/activite-1\/","title":{"rendered":"Activit\u00e9 1"},"content":{"rendered":"\n<p class=\"has-vivid-green-cyan-color has-text-color\"><\/p>\n\n\n\n<div id=\"wp-block-themeisle-blocks-advanced-columns-d4565cb1\" class=\"wp-block-themeisle-blocks-advanced-columns has-1-columns has-desktop-equal-layout has-tablet-equal-layout has-mobile-equal-layout has-vertical-unset\"><div class=\"wp-block-themeisle-blocks-advanced-columns-overlay\"><\/div><div class=\"innerblocks-wrap\">\n<div id=\"wp-block-themeisle-blocks-advanced-column-3df7f7ef\" class=\"wp-block-themeisle-blocks-advanced-column\">\n<p><\/p>\n\n\n\n<p><iframe loading=\"lazy\" src=\"https:\/\/anchor.fm\/laure-emilie-verkest\/embed\/episodes\/4-PT-Chp3Act1-edh7dh\/a-a57pl6\" height=\"102px\" width=\"400px\" frameborder=\"0\" scrolling=\"no\"><\/iframe><\/p>\n\n\n\n<p><\/p>\n\n\n\n<div style=\"height:100px\" aria-hidden=\"true\" class=\"wp-block-spacer\"><\/div>\n\n\n\n<p class=\"has-drop-cap\"><em>Chlo\u00e9 et Bastien souhaitent comprendre la pr\u00e9sentation du bulletin m\u00e9t\u00e9o pour savoir s\u2019il fera beau ce week-end. Ils entendent beaucoup le terme de courants atmosph\u00e9riques<\/em> sans vraiment savoir de quoi il s&rsquo;agit.<\/p>\n\n\n\n<div style=\"height:100px\" aria-hidden=\"true\" class=\"wp-block-spacer\"><\/div>\n\n\n\n<p class=\"has-vivid-red-color has-text-color has-large-font-size\">I. <strong>Le mouvement des masses d\u2019air<\/strong><\/p>\n\n\n\n<div style=\"height:75px\" aria-hidden=\"true\" class=\"wp-block-spacer\"><\/div>\n\n\n\n<p class=\"has-vivid-green-cyan-color has-text-color\"> <strong>Comment l\u2019air se d\u00e9place-t-il dans l\u2019atmosph\u00e8re&nbsp;?<\/strong> <\/p>\n\n\n\n<div style=\"height:44px\" aria-hidden=\"true\" class=\"wp-block-spacer\"><\/div>\n\n\n\n<p class=\"has-background\" style=\"background-color:#fbe9cb\">Activit\u00e9 1&nbsp;: A partir des documents de la fiche d&rsquo;activit\u00e9, indiquer comment se d\u00e9place l\u2019air dans l\u2019atmosph\u00e8re et l\u2019impact de ce mouvement concernant la m\u00e9t\u00e9o sous forme de texte et d\u2019un sch\u00e9ma.<\/p>\n\n\n\n<div style=\"height:96px\" aria-hidden=\"true\" class=\"wp-block-spacer\"><\/div>\n\n\n\n<p><em>Comp\u00e9tences travaill\u00e9es&nbsp;:<\/em><\/p>\n\n\n\n<ul class=\"wp-block-list\">\n<li><em>Communiquer et pr\u00e9senter \u00e0 l\u2019oral<\/em><\/li>\n<\/ul>\n\n\n\n<ul class=\"wp-block-list\">\n<li><em>Traduire les informations par un sch\u00e9ma<\/em><\/li>\n<\/ul>\n\n\n\n<ul class=\"wp-block-list\">\n<li><em>Planifier le travail personnel<\/em><\/li>\n<\/ul>\n\n\n\n<ul class=\"wp-block-list\">\n<li><em>R\u00e9aliser une \u00e9tude de documents<\/em><\/li>\n<\/ul>\n\n\n\n<ul class=\"wp-block-list\">\n<li><em>Savoir s\u2019auto-\u00e9valuer<\/em><\/li>\n<\/ul>\n\n\n\n<ul class=\"wp-block-list\">\n<li><em>Se situer dans l\u2019espace<\/em><\/li>\n<\/ul>\n\n\n\n<div style=\"height:100px\" aria-hidden=\"true\" class=\"wp-block-spacer\"><\/div>\n\n\n\n<div style=\"height:100px\" aria-hidden=\"true\" class=\"wp-block-spacer\"><\/div>\n\n\n\n<p><!--EndFragment--><br \/>Capsule-Rappel de 5e : Diff\u00e9rences entre climat et m\u00e9t\u00e9orologie<\/p>\n\n\n\n<figure class=\"wp-block-video\"><video controls src=\"https:\/\/www.evoluscience.fr\/wp-content\/uploads\/2025\/02\/Ne-confondez-pas-climat-et-meteo-.mp4\"><\/video><\/figure>\n\n\n\n<p>Source : <a href=\"https:\/\/www.youtube.com\/watch?v=7t6G41O1Vyc\" target=\"_blank\" rel=\"noopener\" title=\"\">https:\/\/www.youtube.com\/watch?v=7t6G41O1Vyc<\/a><\/p>\n\n\n\n<p class=\"has-luminous-vivid-orange-color has-text-color\">La <strong>m\u00e9t\u00e9orologie<\/strong>\ncorrespond \u00e0 l&rsquo;observation des conditions (temp\u00e9rature, vent, ensoleillement)\nm\u00e9t\u00e9o en un lieu donn\u00e9 et \u00e0 un instant pr\u00e9cis.<\/p>\n\n\n\n<p class=\"has-luminous-vivid-orange-color has-text-color\">Le <strong>climat<\/strong>\ncorrespond \u00e0 une moyenne sur 30 ans&nbsp; de\ndiff\u00e9rents param\u00e8tres m\u00e9t\u00e9orologiques tels que la temp\u00e9rature, la pluviom\u00e9trie,\nl&rsquo;ensoleillement, le vent&#8230;, en un lieu donn\u00e9.<\/p>\n\n\n\n<div style=\"height:100px\" aria-hidden=\"true\" class=\"wp-block-spacer\"><\/div>\n\n\n\n<p> Capsule-Rappel plus approfondi de 5e concernant la notion d&rsquo;atmosph\u00e8re  (3e vid\u00e9o)<\/p>\n\n\n\n<figure class=\"wp-block-embed-wordpress wp-block-embed is-type-wp-embed is-provider-l-039-esprit-sorcier\"><div class=\"wp-block-embed__wrapper\">\n<blockquote class=\"wp-embedded-content\" data-secret=\"vELuIXo7ap\"><a href=\"https:\/\/lespritsorcier.org\/dossier-semaine\/latmosphere\/\">Atmosph\u00e8re<\/a><\/blockquote><iframe loading=\"lazy\" class=\"wp-embedded-content\" sandbox=\"allow-scripts\" security=\"restricted\" style=\"position: absolute; visibility: hidden;\" title=\"\u00ab\u00a0Atmosph\u00e8re\u00a0\u00bb &#8212; L&#039;Esprit Sorcier\" src=\"https:\/\/lespritsorcier.org\/dossier-semaine\/latmosphere\/embed\/#?secret=vELuIXo7ap\" data-secret=\"vELuIXo7ap\" width=\"600\" height=\"338\" frameborder=\"0\" marginwidth=\"0\" marginheight=\"0\" scrolling=\"no\"><\/iframe>\n<\/div><\/figure>\n\n\n\n<p class=\"has-luminous-vivid-orange-color has-text-color\"><strong>L&rsquo;atmosph\u00e8re terrestre<\/strong>\ncorrespond \u00e0 la couche de gaz et de particules qui entoure notre plan\u00e8te.\nElle se compose de plusieurs\ncouches &nbsp;dont&nbsp; la troposph\u00e8re (pr\u00e9sente au niveau du sol\njusqu&rsquo;\u00e0 12 kilom\u00e8tres d&rsquo;altitude et concentrant la majeure partie de la masse\nde l&rsquo;air et des ph\u00e9nom\u00e8nes m\u00e9t\u00e9orologiques). Elle s\u2019arr\u00eate \u00e0 environ 100km d\u2019altitude.<\/p>\n\n\n\n<div style=\"height:100px\" aria-hidden=\"true\" class=\"wp-block-spacer\"><\/div>\n\n\n\n<p> Capsule : Les diff\u00e9rentes parties et  les mots de vocabulaire utilis\u00e9s du bulletin m\u00e9t\u00e9o :<\/p>\n\n\n\n<p class=\"has-text-align-center\"><div class=\"h5p-iframe-wrapper\"><iframe id=\"h5p-iframe-2\" class=\"h5p-iframe\" data-content-id=\"2\" style=\"height:1px\" src=\"about:blank\" frameBorder=\"0\" scrolling=\"no\" title=\"Bulletin m\u00e9t\u00e9o TF1 du 19\/04\/2020 avec Tatiana Silva\"><\/iframe><\/div><\/p>\n\n\n\n<p>Les diff\u00e9rentes parties du bulletin m\u00e9t\u00e9o sont:<\/p>\n\n\n\n<ul class=\"wp-block-list\">\n<li>Animation satellite<\/li>\n\n\n\n<li>Animation radar<\/li>\n\n\n\n<li>Pr\u00e9vision des conditions m\u00e9t\u00e9orologiques du lendemain (vent, ensoleillement, pluviom\u00e9trie)<\/li>\n\n\n\n<li>Pr\u00e9vision des temp\u00e9ratures du lendemain<\/li>\n\n\n\n<li>Pr\u00e9visions m\u00e9t\u00e9orologiques de la semaine<\/li>\n\n\n\n<li>Informations suppl\u00e9mentaires (heures de lever et de coucher du soleil)<\/li>\n<\/ul>\n\n\n\n<p>Voici quelques mots de vocabulaire utilis\u00e9s : anticyclone, d\u00e9pression, pression atmosph\u00e9rique.<\/p>\n\n\n\n<div style=\"height:80px\" aria-hidden=\"true\" class=\"wp-block-spacer\"><\/div>\n\n\n\n<p><\/p>\n\n\n\n<p>Le bulletin m\u00e9t\u00e9o de TF1<\/p>\n\n\n\n<p><a href=\"http:\/\/meteo.tf1.fr\/meteo-france\/\">http:\/\/meteo.tf1.fr\/meteo-france\/<\/a><\/p>\n\n\n\n<p><\/p>\n\n\n\n<div style=\"height:100px\" aria-hidden=\"true\" class=\"wp-block-spacer\"><\/div>\n\n\n\n<p>Les documents \u00e0 utiliser pour cette s\u00e9ance sont ici!<\/p>\n\n\n\n<p>Coup de pouce&nbsp;:<\/p>\n\n\n\n<ul class=\"wp-block-list\">\n<li>D\u00e9crire l\u2019image du document 1<\/li>\n\n\n\n<li>Faire des phrases synth\u00e9tiques expliquant chaque\nnouveau mot de vocabulaire des documents.<\/li>\n<\/ul>\n\n\n<a href=\"https:\/\/www.evoluscience.fr\/wp-content\/uploads\/2023\/04\/4-PT-Chp3Act1.pdf\" class=\"pdfemb-viewer\" style=\"\" data-width=\"max\" data-height=\"max\" data-toolbar=\"top\" data-toolbar-fixed=\"off\">4-PT-Chp3Act1<\/a>\n<p class=\"wp-block-pdfemb-pdf-embedder-viewer\"><\/p>\n\n\n\n<p>Remarque : On d\u00e9veloppera comment le vent se forme lors de la prochaine s\u00e9ance !<\/p>\n\n\n\n<div style=\"height:54px\" aria-hidden=\"true\" class=\"wp-block-spacer\"><\/div>\n\n\n\n<p>Indiquer sur le sch\u00e9ma o\u00f9 se situent les anticyclones et les d\u00e9pressions.<\/p>\n\n\n\n<p class=\"has-text-align-center\"> <div class=\"h5p-iframe-wrapper\"><iframe id=\"h5p-iframe-4\" class=\"h5p-iframe\" data-content-id=\"4\" style=\"height:1px\" src=\"about:blank\" frameBorder=\"0\" scrolling=\"no\" title=\"Sch\u00e9ma de la circulation atmosph\u00e9rique terrestre\"><\/iframe><\/div> <\/p>\n\n\n\n<div style=\"height:209px\" aria-hidden=\"true\" class=\"wp-block-spacer\"><\/div>\n\n\n\n<p>Image satellite comment\u00e9e du jour en France<\/p>\n\n\n\n<p><\/p>\n\n\n\n<p><a href=\"http:\/\/www.meteofrance.com\/previsions-meteo-france\/animation\/satellite\/france\">http:\/\/www.meteofrance.com\/previsions-meteo-france\/animation\/satellite\/france<\/a><\/p>\n\n\n\n<div style=\"height:100px\" aria-hidden=\"true\" class=\"wp-block-spacer\"><\/div>\n\n\n\n<p>Vision satellite en Europe <\/p>\n\n\n\n<p><a href=\"http:\/\/www.meteociel.fr\/observations-meteo\/satellite.php?mode=animation-visible-europe\">http:\/\/www.meteociel.fr\/observations-meteo\/satellite.php?mode=animation-visible-europe<\/a><\/p>\n\n\n\n<div style=\"height:100px\" aria-hidden=\"true\" class=\"wp-block-spacer\"><\/div>\n\n\n<div class=\"wp-block-image\">\n<figure class=\"aligncenter size-large is-resized\"><a href=\"http:\/\/evoluscience.fr\/index.php\/cycle-4\/quatrieme-2\/4e-la-planete-terre-lenvironnement-laction-humaine\/chapitre-3-la-meteorologie\/activite-1\/conclusion\/\" target=\"_blank\" rel=\"noreferrer noopener\"><img loading=\"lazy\" decoding=\"async\" width=\"538\" height=\"538\" src=\"http:\/\/evoluscience.fr\/wp-content\/uploads\/2019\/09\/conclusion.png\" alt=\"\" class=\"wp-image-370\" style=\"width:355px;height:355px\" srcset=\"https:\/\/www.evoluscience.fr\/wp-content\/uploads\/2019\/09\/conclusion.png 538w, https:\/\/www.evoluscience.fr\/wp-content\/uploads\/2019\/09\/conclusion-150x150.png 150w, https:\/\/www.evoluscience.fr\/wp-content\/uploads\/2019\/09\/conclusion-300x300.png 300w, https:\/\/www.evoluscience.fr\/wp-content\/uploads\/2019\/09\/conclusion-520x520.png 520w\" sizes=\"auto, (max-width: 538px) 100vw, 538px\" \/><\/a><\/figure>\n<\/div>\n\n<div class=\"wp-block-image\">\n<figure class=\"aligncenter size-large is-resized\"><a href=\"http:\/\/evoluscience.fr\/index.php\/cycle-4\/quatrieme-2\/4e-la-planete-terre-lenvironnement-laction-humaine\/chapitre-3-la-meteorologie\/activite-1\/bonus\/\" target=\"_blank\" rel=\"noreferrer noopener\"><img loading=\"lazy\" decoding=\"async\" width=\"538\" height=\"538\" src=\"http:\/\/evoluscience.fr\/wp-content\/uploads\/2019\/09\/bonus-1.png\" alt=\"\" class=\"wp-image-372\" style=\"width:306px;height:306px\" srcset=\"https:\/\/www.evoluscience.fr\/wp-content\/uploads\/2019\/09\/bonus-1.png 538w, https:\/\/www.evoluscience.fr\/wp-content\/uploads\/2019\/09\/bonus-1-150x150.png 150w, https:\/\/www.evoluscience.fr\/wp-content\/uploads\/2019\/09\/bonus-1-300x300.png 300w, https:\/\/www.evoluscience.fr\/wp-content\/uploads\/2019\/09\/bonus-1-520x520.png 520w\" sizes=\"auto, (max-width: 538px) 100vw, 538px\" \/><\/a><\/figure>\n<\/div>\n\n<div class=\"wp-block-image\">\n<figure class=\"aligncenter size-large is-resized\"><a href=\"http:\/\/evoluscience.fr\/wp-content\/uploads\/2020\/03\/4-PT-Chp3Act1-FC.pdf\" target=\"_blank\" rel=\"noreferrer noopener\"><img loading=\"lazy\" decoding=\"async\" width=\"735\" height=\"735\" src=\"http:\/\/evoluscience.fr\/wp-content\/uploads\/2020\/03\/pjiece_jointe-1.png\" alt=\"\" class=\"wp-image-4366\" style=\"width:343px;height:343px\" srcset=\"https:\/\/www.evoluscience.fr\/wp-content\/uploads\/2020\/03\/pjiece_jointe-1.png 735w, https:\/\/www.evoluscience.fr\/wp-content\/uploads\/2020\/03\/pjiece_jointe-1-300x300.png 300w, https:\/\/www.evoluscience.fr\/wp-content\/uploads\/2020\/03\/pjiece_jointe-1-150x150.png 150w, https:\/\/www.evoluscience.fr\/wp-content\/uploads\/2020\/03\/pjiece_jointe-1-520x520.png 520w\" sizes=\"auto, (max-width: 735px) 100vw, 735px\" \/><\/a><\/figure>\n<\/div><\/div>\n<\/div><\/div>\n","protected":false},"excerpt":{"rendered":"","protected":false},"author":1,"featured_media":0,"parent":3724,"menu_order":1,"comment_status":"closed","ping_status":"closed","template":"","meta":{"_monsterinsights_skip_tracking":false,"_monsterinsights_sitenote_active":false,"_monsterinsights_sitenote_note":"","_monsterinsights_sitenote_category":0,"_themeisle_gutenberg_block_has_review":false,"footnotes":""},"class_list":["post-3728","page","type-page","status-publish","hentry"],"_links":{"self":[{"href":"https:\/\/www.evoluscience.fr\/index.php\/wp-json\/wp\/v2\/pages\/3728","targetHints":{"allow":["GET"]}}],"collection":[{"href":"https:\/\/www.evoluscience.fr\/index.php\/wp-json\/wp\/v2\/pages"}],"about":[{"href":"https:\/\/www.evoluscience.fr\/index.php\/wp-json\/wp\/v2\/types\/page"}],"author":[{"embeddable":true,"href":"https:\/\/www.evoluscience.fr\/index.php\/wp-json\/wp\/v2\/users\/1"}],"replies":[{"embeddable":true,"href":"https:\/\/www.evoluscience.fr\/index.php\/wp-json\/wp\/v2\/comments?post=3728"}],"version-history":[{"count":0,"href":"https:\/\/www.evoluscience.fr\/index.php\/wp-json\/wp\/v2\/pages\/3728\/revisions"}],"up":[{"embeddable":true,"href":"https:\/\/www.evoluscience.fr\/index.php\/wp-json\/wp\/v2\/pages\/3724"}],"wp:attachment":[{"href":"https:\/\/www.evoluscience.fr\/index.php\/wp-json\/wp\/v2\/media?parent=3728"}],"curies":[{"name":"wp","href":"https:\/\/api.w.org\/{rel}","templated":true}]}}