{"id":3418,"date":"2020-02-25T21:38:43","date_gmt":"2020-02-25T20:38:43","guid":{"rendered":"http:\/\/evoluscience.fr\/?page_id=3418"},"modified":"2025-02-19T17:26:54","modified_gmt":"2025-02-19T16:26:54","slug":"activite-1","status":"publish","type":"page","link":"https:\/\/www.evoluscience.fr\/index.php\/cycle-4\/cinquieme\/5e-la-planete-terre-lenvironnement-et-laction-humaine\/chapitre-2-le-climat-dans-le-systeme-solaire\/activite-1\/","title":{"rendered":"Activit\u00e9 1"},"content":{"rendered":"\n<div id=\"wp-block-themeisle-blocks-advanced-columns-043b3442\" class=\"wp-block-themeisle-blocks-advanced-columns has-1-columns has-desktop-equal-layout has-tablet-equal-layout has-mobile-equal-layout has-vertical-unset\"><div class=\"wp-block-themeisle-blocks-advanced-columns-overlay\"><\/div><div class=\"innerblocks-wrap\">\n<div id=\"wp-block-themeisle-blocks-advanced-column-87f330da\" class=\"wp-block-themeisle-blocks-advanced-column\">\n<p><\/p>\n\n\n\n<p class=\"has-text-align-center\"><iframe loading=\"lazy\" src=\"https:\/\/anchor.fm\/laure-emilie-verkest\/embed\/episodes\/5-PT-Chp2Act1-edgdp7\/a-a57pl6\" height=\"102px\" width=\"400px\" frameborder=\"0\" scrolling=\"no\"><\/iframe><\/p>\n\n\n\n<div style=\"height:100px\" aria-hidden=\"true\" class=\"wp-block-spacer\"><\/div>\n\n\n\n<p><\/p>\n\n\n\n<p class=\"has-drop-cap\"><em>Les parents de No\u00e9mie et ceux de Nicolas r\u00e9fl\u00e9chissent \u00e0 une destination de vacances pour cet \u00e9t\u00e9. Cependant, \u00e0 diff\u00e9rents endroits de la Terre, les conditions m\u00e9t\u00e9orologiques et climatiques sont diff\u00e9rentes. No\u00e9mie et Nicolas souhaiteraient de l\u2019aide pour d\u00e9m\u00ealer les mots de vocabulaire et pour d\u00e9terminer les param\u00e8tres \u00e0 prendre en compte.<\/em><\/p>\n\n\n\n<div style=\"height:100px\" aria-hidden=\"true\" class=\"wp-block-spacer\"><\/div>\n\n\n\n<p class=\"has-vivid-red-color has-text-color has-large-font-size\">I. <strong>Le climat<\/strong><\/p>\n\n\n\n<div style=\"height:100px\" aria-hidden=\"true\" class=\"wp-block-spacer\"><\/div>\n\n\n\n<p class=\"has-vivid-green-cyan-color has-text-color\">Quelles\nsont les diff\u00e9rences entre climat et m\u00e9t\u00e9o&nbsp;? Comment les climats sont-ils\nmis en place&nbsp;?<\/p>\n\n\n\n<div style=\"height:49px\" aria-hidden=\"true\" class=\"wp-block-spacer\"><\/div>\n\n\n\n<p class=\"has-background\" style=\"background-color:#f5dfc1\">Activit\u00e9&nbsp;1: A partir de documents et de l\u2019application BiomeViewer, d\u00e9finir le climat et ses &nbsp;zones puis d\u00e9terminer les param\u00e8tres l\u2019influen\u00e7ant sous forme de cartes d\u2019id\u00e9es.<\/p>\n\n\n\n<div style=\"height:49px\" aria-hidden=\"true\" class=\"wp-block-spacer\"><\/div>\n\n\n\n<p><em>Comp\u00e9tences travaill\u00e9es&nbsp;:<\/em><\/p>\n\n\n\n<ul class=\"wp-block-list\">\n<li><em>Traduire les informations par un sch\u00e9ma<\/em><\/li>\n<\/ul>\n\n\n\n<ul class=\"wp-block-list\">\n<li><em>Planifier le travail de groupe<\/em><\/li>\n<\/ul>\n\n\n\n<div style=\"height:76px\" aria-hidden=\"true\" class=\"wp-block-spacer\"><\/div>\n\n\n\n<p>S\u00e9ance 1<\/p>\n\n\n\n<p>Rappel de la capsule: <a rel=\"noreferrer noopener\" aria-label=\"Site internet expliquant la diff\u00e9rence entre m\u00e9t\u00e9o et climat (s\u2019ouvre dans un nouvel onglet)\" href=\"http:\/\/actualite.lachainemeteo.com\/actualite-meteo\/2015-11-12-10h49\/meteo-et-climat---quelle-difference---29197.php\" target=\"_blank\">Site internet expliquant la diff\u00e9rence entre m\u00e9t\u00e9o et climat<\/a> <\/p>\n\n\n\n<figure class=\"wp-block-video\"><video controls src=\"https:\/\/www.evoluscience.fr\/wp-content\/uploads\/2025\/02\/Ne-confondez-pas-climat-et-meteo-.mp4\"><\/video><\/figure>\n\n\n\n<p>Source : <a href=\"https:\/\/www.youtube.com\/watch?v=7t6G41O1Vyc\" target=\"_blank\" rel=\"noopener\" title=\"\">https:\/\/www.youtube.com\/watch?v=7t6G41O1Vyc<\/a><\/p>\n\n\n\n<p class=\"has-luminous-vivid-orange-color has-text-color\">La <strong>m\u00e9t\u00e9orologie<\/strong>\ncorrespond \u00e0 l&rsquo;observation des conditions (temp\u00e9rature, vent, ensoleillement) m\u00e9t\u00e9o\nen un lieu donn\u00e9 et \u00e0 un instant pr\u00e9cis.<\/p>\n\n\n\n<p class=\"has-luminous-vivid-orange-color has-text-color\">Le <strong>climat<\/strong>\ncorrespond \u00e0 une moyenne sur 30 ans&nbsp; de\ndiff\u00e9rents param\u00e8tres m\u00e9t\u00e9orologiques tels que la temp\u00e9rature, la pluviom\u00e9trie,\nl&rsquo;ensoleillement, le vent&#8230;, en un lieu donn\u00e9.<\/p>\n\n\n\n<div style=\"height:100px\" aria-hidden=\"true\" class=\"wp-block-spacer\"><\/div>\n\n\n\n<p>Rappel de la capsule : <a rel=\"noreferrer noopener\" aria-label=\"Site internet indiquant les diff\u00e9rents climats sur Terre (s\u2019ouvre dans un nouvel onglet)\" href=\"https:\/\/www.lumni.fr\/jeu\/climats-polaire-tempere-chaud-ou-montagnard\" target=\"_blank\">Site internet indiquant les diff\u00e9rents climats sur Terre<\/a><\/p>\n\n\n\n<figure class=\"wp-block-image size-full\"><a href=\"http:\/\/evoluscience.fr\/wp-content\/uploads\/2020\/04\/image-31.png\" target=\"_blank\" rel=\"noreferrer noopener\"><img loading=\"lazy\" decoding=\"async\" width=\"923\" height=\"676\" src=\"http:\/\/evoluscience.fr\/wp-content\/uploads\/2020\/04\/image-31.png\" alt=\"\" class=\"wp-image-4896\" srcset=\"https:\/\/www.evoluscience.fr\/wp-content\/uploads\/2020\/04\/image-31.png 923w, https:\/\/www.evoluscience.fr\/wp-content\/uploads\/2020\/04\/image-31-300x220.png 300w, https:\/\/www.evoluscience.fr\/wp-content\/uploads\/2020\/04\/image-31-768x562.png 768w, https:\/\/www.evoluscience.fr\/wp-content\/uploads\/2020\/04\/image-31-520x381.png 520w, https:\/\/www.evoluscience.fr\/wp-content\/uploads\/2020\/04\/image-31-740x542.png 740w\" sizes=\"auto, (max-width: 923px) 100vw, 923px\" \/><\/a><figcaption class=\"wp-element-caption\">Carte indiquant les principaux climats mondiaux<\/figcaption><\/figure>\n\n\n\n<div style=\"height:100px\" aria-hidden=\"true\" class=\"wp-block-spacer\"><\/div>\n\n\n\n<div style=\"height:100px\" aria-hidden=\"true\" class=\"wp-block-spacer\"><\/div>\n\n\n\n<p>A partir de l\u2019application BiomeViewer, aider No\u00e9mie et Nicolas \u00e0 choisir leur destination de vacances en comparant les cinq principaux climats.<\/p>\n\n\n\n<p>Param\u00e8tres \u00e0 comparer: temp\u00e9rature, pr\u00e9cipitation, biodiversit\u00e9 de la faune (exemple d\u20191 ou 2 animaux) et biodiversit\u00e9 de la flore.<\/p>\n\n\n\n<p>Sur l&rsquo;application, aidez-vous de la cat\u00e9gorie \u00ab\u00a0Biomes\u00a0\u00bb, choisissez une localisation \u00e0 partir de votre carte des climats puis cliquez sur la carte de l&rsquo;application.<\/p>\n\n\n\n<div style=\"height:20px\" aria-hidden=\"true\" class=\"wp-block-spacer\"><\/div>\n\n\n\n<p>Conseil&nbsp;: r\u00e9aliser un tableau pour comparer les informations.<\/p>\n\n\n\n<div style=\"height:63px\" aria-hidden=\"true\" class=\"wp-block-spacer\"><\/div>\n\n\n\n<p>Comme cette super application est en anglais, vous allez pouvoir vous entra\u00eener! <\/p>\n\n\n\n<p>Si l&rsquo;anglais n&rsquo;est pas votre fort, voici une solution pour vous aider sur qq phrases:  <a href=\"https:\/\/www.deepl.com\/translator\">https:\/\/www.deepl.com\/translator<\/a> <\/p>\n\n\n\n<div style=\"height:82px\" aria-hidden=\"true\" class=\"wp-block-spacer\"><\/div>\n\n\n\n<p>Mini-conclusion \u00e0 \u00e9crire :<\/p>\n\n\n\n<p class=\"has-luminous-vivid-orange-color has-text-color\"> Un biome est un ensemble d\u2019\u00e9cosyst\u00e8mes caract\u00e9ristique d\u2019une aire biog\u00e9ographique. <\/p>\n\n\n\n<p class=\"has-vivid-red-color has-text-color\">Le climat influence la r\u00e9partition de la faune et de la flore dans des biomes.<\/p>\n\n\n\n<p>En terme simple, le biome est une zone g\u00e9ographique o\u00f9 diff\u00e9rents \u00eatres vivants interagissent entre eux et avec leur environnement. Il est d\u00e9fini par le climat et la v\u00e9g\u00e9tation dominante de cette zone.<\/p>\n\n\n\n<div style=\"height:123px\" aria-hidden=\"true\" class=\"wp-block-spacer\"><\/div>\n\n\n\n<p>S\u00e9ance 2<\/p>\n\n\n\n<p>A partir des documents ci-dessous, r\u00e9aliser une carte d&rsquo;id\u00e9es expliquant les param\u00e8tres influen\u00e7ant la formation d&rsquo;un climat. <\/p>\n\n\n<a href=\"https:\/\/www.evoluscience.fr\/wp-content\/uploads\/2023\/04\/5-PT-Chp2Act1.pdf\" class=\"pdfemb-viewer\" style=\"\" data-width=\"max\" data-height=\"max\" data-toolbar=\"top\" data-toolbar-fixed=\"off\">5-PT-Chp2Act1<\/a>\n<p class=\"wp-block-pdfemb-pdf-embedder-viewer\"><\/p>\n\n\n\n<p>A savoir: Lorsque l&rsquo;air chaud s&rsquo;\u00e9l\u00e8ve, la vapeur d&rsquo;eau se refroidit et se transforme en pluie!<\/p>\n\n\n\n<p>Nous d\u00e9velopperons le fonctionnement de la circulation atmosph\u00e9rique et celle oc\u00e9anique lorsque nous expliquerons la m\u00e9t\u00e9orologie l&rsquo;ann\u00e9e prochaine !<\/p>\n\n\n\n<div style=\"height:100px\" aria-hidden=\"true\" class=\"wp-block-spacer\"><\/div>\n\n\n\n<p>Certains param\u00e8tres sont les m\u00eames pour les autres plan\u00e8tes du syst\u00e8me solaire. Elles ont donc aussi des climats m\u00eame s&rsquo;ils sont souvent moins contrast\u00e9s.<\/p>\n\n\n\n<div style=\"height:100px\" aria-hidden=\"true\" class=\"wp-block-spacer\"><\/div>\n\n\n<div class=\"wp-block-image\">\n<figure class=\"aligncenter size-large is-resized\"><a href=\"http:\/\/evoluscience.fr\/index.php\/cycle-4\/cinquieme\/5e-la-planete-terre-lenvironnement-et-laction-humaine\/chapitre-2-le-climat-dans-le-systeme-solaire\/activite-1\/conclusion\/\" target=\"_blank\" rel=\"noreferrer noopener\"><img loading=\"lazy\" decoding=\"async\" width=\"538\" height=\"538\" src=\"http:\/\/evoluscience.fr\/wp-content\/uploads\/2019\/09\/conclusion.png\" alt=\"\" class=\"wp-image-370\" style=\"width:306px;height:306px\" srcset=\"https:\/\/www.evoluscience.fr\/wp-content\/uploads\/2019\/09\/conclusion.png 538w, https:\/\/www.evoluscience.fr\/wp-content\/uploads\/2019\/09\/conclusion-150x150.png 150w, https:\/\/www.evoluscience.fr\/wp-content\/uploads\/2019\/09\/conclusion-300x300.png 300w, https:\/\/www.evoluscience.fr\/wp-content\/uploads\/2019\/09\/conclusion-520x520.png 520w\" sizes=\"auto, (max-width: 538px) 100vw, 538px\" \/><\/a><\/figure>\n<\/div>\n\n<div class=\"wp-block-image\">\n<figure class=\"aligncenter size-large is-resized\"><a href=\"http:\/\/evoluscience.fr\/index.php\/cycle-4\/cinquieme\/5e-la-planete-terre-lenvironnement-et-laction-humaine\/chapitre-2-le-climat-dans-le-systeme-solaire\/activite-1\/capsule\/\" target=\"_blank\" rel=\"noreferrer noopener\"><img loading=\"lazy\" decoding=\"async\" width=\"538\" height=\"538\" src=\"http:\/\/evoluscience.fr\/wp-content\/uploads\/2019\/09\/capsule.png\" alt=\"\" class=\"wp-image-427\" style=\"width:283px;height:283px\" srcset=\"https:\/\/www.evoluscience.fr\/wp-content\/uploads\/2019\/09\/capsule.png 538w, https:\/\/www.evoluscience.fr\/wp-content\/uploads\/2019\/09\/capsule-150x150.png 150w, https:\/\/www.evoluscience.fr\/wp-content\/uploads\/2019\/09\/capsule-300x300.png 300w, https:\/\/www.evoluscience.fr\/wp-content\/uploads\/2019\/09\/capsule-520x520.png 520w\" sizes=\"auto, (max-width: 538px) 100vw, 538px\" \/><\/a><\/figure>\n<\/div>\n\n<div class=\"wp-block-image\">\n<figure class=\"aligncenter size-large is-resized\"><a href=\"http:\/\/evoluscience.fr\/index.php\/cycle-4\/cinquieme\/5e-la-planete-terre-lenvironnement-et-laction-humaine\/chapitre-2-le-climat-dans-le-systeme-solaire\/activite-1\/devoir\/\" target=\"_blank\" rel=\"noreferrer noopener\"><img loading=\"lazy\" decoding=\"async\" width=\"538\" height=\"538\" src=\"http:\/\/evoluscience.fr\/wp-content\/uploads\/2019\/09\/devoirs.png\" alt=\"\" class=\"wp-image-428\" style=\"width:300px;height:300px\" srcset=\"https:\/\/www.evoluscience.fr\/wp-content\/uploads\/2019\/09\/devoirs.png 538w, https:\/\/www.evoluscience.fr\/wp-content\/uploads\/2019\/09\/devoirs-150x150.png 150w, https:\/\/www.evoluscience.fr\/wp-content\/uploads\/2019\/09\/devoirs-300x300.png 300w, https:\/\/www.evoluscience.fr\/wp-content\/uploads\/2019\/09\/devoirs-520x520.png 520w\" sizes=\"auto, (max-width: 538px) 100vw, 538px\" \/><\/a><\/figure>\n<\/div>\n\n<div class=\"wp-block-image\">\n<figure class=\"aligncenter size-large is-resized\"><a href=\"http:\/\/evoluscience.fr\/index.php\/cycle-4\/cinquieme\/5e-la-planete-terre-lenvironnement-et-laction-humaine\/chapitre-2-le-climat-dans-le-systeme-solaire\/activite-1\/bonus\/\" target=\"_blank\" rel=\"noreferrer noopener\"><img loading=\"lazy\" decoding=\"async\" width=\"538\" height=\"538\" src=\"http:\/\/evoluscience.fr\/wp-content\/uploads\/2019\/09\/bonus-1.png\" alt=\"\" class=\"wp-image-372\" style=\"width:280px;height:280px\" srcset=\"https:\/\/www.evoluscience.fr\/wp-content\/uploads\/2019\/09\/bonus-1.png 538w, https:\/\/www.evoluscience.fr\/wp-content\/uploads\/2019\/09\/bonus-1-150x150.png 150w, https:\/\/www.evoluscience.fr\/wp-content\/uploads\/2019\/09\/bonus-1-300x300.png 300w, https:\/\/www.evoluscience.fr\/wp-content\/uploads\/2019\/09\/bonus-1-520x520.png 520w\" sizes=\"auto, (max-width: 538px) 100vw, 538px\" \/><\/a><\/figure>\n<\/div>\n\n<div class=\"wp-block-image\">\n<figure class=\"aligncenter size-large is-resized\"><a href=\"http:\/\/evoluscience.fr\/wp-content\/uploads\/2020\/04\/5-PT-Chp2Act1-FC-1.pdf\" target=\"_blank\" rel=\"noreferrer noopener\"><img loading=\"lazy\" decoding=\"async\" width=\"735\" height=\"735\" src=\"http:\/\/evoluscience.fr\/wp-content\/uploads\/2020\/03\/pjiece_jointe-1.png\" alt=\"\" class=\"wp-image-4366\" style=\"width:334px;height:334px\" srcset=\"https:\/\/www.evoluscience.fr\/wp-content\/uploads\/2020\/03\/pjiece_jointe-1.png 735w, https:\/\/www.evoluscience.fr\/wp-content\/uploads\/2020\/03\/pjiece_jointe-1-300x300.png 300w, https:\/\/www.evoluscience.fr\/wp-content\/uploads\/2020\/03\/pjiece_jointe-1-150x150.png 150w, https:\/\/www.evoluscience.fr\/wp-content\/uploads\/2020\/03\/pjiece_jointe-1-520x520.png 520w\" sizes=\"auto, (max-width: 735px) 100vw, 735px\" \/><\/a><\/figure>\n<\/div><\/div>\n<\/div><\/div>\n","protected":false},"excerpt":{"rendered":"","protected":false},"author":1,"featured_media":0,"parent":3414,"menu_order":2,"comment_status":"closed","ping_status":"closed","template":"","meta":{"_monsterinsights_skip_tracking":false,"_monsterinsights_sitenote_active":false,"_monsterinsights_sitenote_note":"","_monsterinsights_sitenote_category":0,"_themeisle_gutenberg_block_has_review":false,"footnotes":""},"class_list":["post-3418","page","type-page","status-publish","hentry"],"_links":{"self":[{"href":"https:\/\/www.evoluscience.fr\/index.php\/wp-json\/wp\/v2\/pages\/3418","targetHints":{"allow":["GET"]}}],"collection":[{"href":"https:\/\/www.evoluscience.fr\/index.php\/wp-json\/wp\/v2\/pages"}],"about":[{"href":"https:\/\/www.evoluscience.fr\/index.php\/wp-json\/wp\/v2\/types\/page"}],"author":[{"embeddable":true,"href":"https:\/\/www.evoluscience.fr\/index.php\/wp-json\/wp\/v2\/users\/1"}],"replies":[{"embeddable":true,"href":"https:\/\/www.evoluscience.fr\/index.php\/wp-json\/wp\/v2\/comments?post=3418"}],"version-history":[{"count":0,"href":"https:\/\/www.evoluscience.fr\/index.php\/wp-json\/wp\/v2\/pages\/3418\/revisions"}],"up":[{"embeddable":true,"href":"https:\/\/www.evoluscience.fr\/index.php\/wp-json\/wp\/v2\/pages\/3414"}],"wp:attachment":[{"href":"https:\/\/www.evoluscience.fr\/index.php\/wp-json\/wp\/v2\/media?parent=3418"}],"curies":[{"name":"wp","href":"https:\/\/api.w.org\/{rel}","templated":true}]}}