{"id":3367,"date":"2020-02-25T15:27:53","date_gmt":"2020-02-25T14:27:53","guid":{"rendered":"http:\/\/evoluscience.fr\/?page_id=3367"},"modified":"2020-02-25T15:48:46","modified_gmt":"2020-02-25T14:48:46","slug":"conclusion","status":"publish","type":"page","link":"https:\/\/www.evoluscience.fr\/index.php\/cycle-4\/cinquieme\/5e-la-planete-terre-lenvironnement-et-laction-humaine\/chapitre-1-les-specificites-de-la-terre-au-coeur-du-systeme-solaire\/activite-2\/conclusion\/","title":{"rendered":"Conclusion"},"content":{"rendered":"<div id=\"modal-ready\">\n<div class=\"wp-block-themeisle-blocks-advanced-columns has-1-columns has-desktop-equal-layout has-tablet-equal-layout has-mobile-equal-layout has-default-gap has-vertical-unset\" id=\"wp-block-themeisle-blocks-advanced-columns-3d0c3671\" style=\"border-width:0px;border-style:solid;border-color:#000000;border-radius:0px;justify-content:unset\"><div class=\"wp-themeisle-block-overlay\" style=\"opacity:0.5;mix-blend-mode:normal\"><\/div><div class=\"innerblocks-wrap\">\n<div class=\"wp-block-themeisle-blocks-advanced-column\" id=\"wp-block-themeisle-blocks-advanced-column-06aa8eac\" style=\"border-width:0px;border-style:solid;border-color:#000000;border-radius:0px\">\n<p class=\"has-text-color has-drop-cap has-vivid-red-color\">La Terre tourne sur elle-m\u00eame en 24h&nbsp;: c\u2019est la\nrotation. Lorsque une face est expos\u00e9e au Soleil,&nbsp; les rayonnements solaires arrivent sur cette\nsurface de la Terre&nbsp;: il fait jour (sur l\u2019autre face, il fait nuit).<\/p>\n\n\n\n<p class=\"has-text-color has-vivid-red-color\">Son axe de rotation est inclin\u00e9. Les parties de la Terre les plus proches du Soleil re\u00e7oivent plus de rayonnements solaires et plus longtemps&nbsp;: c\u2019est l\u2019\u00e9t\u00e9 (inversion dans les h\u00e9misph\u00e8res). <\/p>\n\n\n\n<p class=\"has-text-color has-very-dark-gray-color\"><em>(Quand l\u2019h\u00e9misph\u00e8re Nord est en \u00e9t\u00e9, celui Sud est en hiver&nbsp;!)<\/em><\/p>\n\n\n\n<p class=\"has-text-color has-vivid-red-color\">La Terre tourne autour sur Soleil en 365 jours\u00a0: il s\u2019agit de sa r\u00e9volution. \u00a0Les \u00e9quinoxes correspondent \u00e0 des dates o\u00f9 les dur\u00e9es de jour et de nuit sont \u00e9gales. Les solstices\u00a0 correspondent aux jours les plus longs ou les plus courts de l\u2019ann\u00e9e.<\/p>\n\n\n\n<figure class=\"wp-block-image size-large\"><img loading=\"lazy\" decoding=\"async\" width=\"498\" height=\"331\" src=\"http:\/\/evoluscience.fr\/wp-content\/uploads\/2020\/02\/image-32.png\" alt=\"\" class=\"wp-image-3373\" srcset=\"https:\/\/www.evoluscience.fr\/wp-content\/uploads\/2020\/02\/image-32.png 498w, https:\/\/www.evoluscience.fr\/wp-content\/uploads\/2020\/02\/image-32-300x199.png 300w, https:\/\/www.evoluscience.fr\/wp-content\/uploads\/2020\/02\/image-32-390x260.png 390w\" sizes=\"auto, (max-width: 498px) 100vw, 498px\" \/><\/figure>\n<\/div>\n<\/div><\/div>\n<\/div>","protected":false},"excerpt":{"rendered":"","protected":false},"author":1,"featured_media":0,"parent":3353,"menu_order":2,"comment_status":"closed","ping_status":"closed","template":"","meta":{"om_disable_all_campaigns":false,"_monsterinsights_skip_tracking":false,"_monsterinsights_sitenote_active":false,"_monsterinsights_sitenote_note":"","_monsterinsights_sitenote_category":0,"_themeisle_gutenberg_block_has_review":false,"footnotes":""},"c2tw_page_folder":[],"class_list":["post-3367","page","type-page","status-publish","hentry"],"aioseo_notices":[],"_links":{"self":[{"href":"https:\/\/www.evoluscience.fr\/index.php\/wp-json\/wp\/v2\/pages\/3367","targetHints":{"allow":["GET"]}}],"collection":[{"href":"https:\/\/www.evoluscience.fr\/index.php\/wp-json\/wp\/v2\/pages"}],"about":[{"href":"https:\/\/www.evoluscience.fr\/index.php\/wp-json\/wp\/v2\/types\/page"}],"author":[{"embeddable":true,"href":"https:\/\/www.evoluscience.fr\/index.php\/wp-json\/wp\/v2\/users\/1"}],"replies":[{"embeddable":true,"href":"https:\/\/www.evoluscience.fr\/index.php\/wp-json\/wp\/v2\/comments?post=3367"}],"version-history":[{"count":0,"href":"https:\/\/www.evoluscience.fr\/index.php\/wp-json\/wp\/v2\/pages\/3367\/revisions"}],"up":[{"embeddable":true,"href":"https:\/\/www.evoluscience.fr\/index.php\/wp-json\/wp\/v2\/pages\/3353"}],"wp:attachment":[{"href":"https:\/\/www.evoluscience.fr\/index.php\/wp-json\/wp\/v2\/media?parent=3367"}],"wp:term":[{"taxonomy":"c2tw_page_folder","embeddable":true,"href":"https:\/\/www.evoluscience.fr\/index.php\/wp-json\/wp\/v2\/c2tw_page_folder?post=3367"}],"curies":[{"name":"wp","href":"https:\/\/api.w.org\/{rel}","templated":true}]}}