{"id":271,"date":"2019-09-15T16:09:44","date_gmt":"2019-09-15T14:09:44","guid":{"rendered":"http:\/\/evoluscience.fr\/?page_id=271"},"modified":"2026-03-23T18:46:09","modified_gmt":"2026-03-23T17:46:09","slug":"fiches-methodologiques","status":"publish","type":"page","link":"https:\/\/www.evoluscience.fr\/index.php\/methodologie\/fiches-methodologiques\/","title":{"rendered":"Fiches m\u00e9thodologiques"},"content":{"rendered":"\n<div style=\"height:100px\" aria-hidden=\"true\" class=\"wp-block-spacer\"><\/div>\n\n\n\n<p>Au coll\u00e8ge, un des objectifs est d&rsquo;acqu\u00e9rir des comp\u00e9tences qui seront utiles pour le brevet et au lyc\u00e9e. En seconde, il sera consid\u00e9r\u00e9 que les comp\u00e9tences travaill\u00e9es au coll\u00e8ge sont acquises.<\/p>\n\n\n\n<p>Voici quelques fiches m\u00e9thodologique pour aider \u00e0 ma\u00eetriser ces comp\u00e9tences en Sciences SVT :<\/p>\n\n\n\n<div style=\"height:49px\" aria-hidden=\"true\" class=\"wp-block-spacer\"><\/div>\n\n\n\n<p class=\"has-text-align-center\">Fichier m\u00e9thodologique g\u00e9n\u00e9ral<\/p>\n\n\n\n<div class=\"_df_book df-lite\" id=\"df_11791\"  _slug=\"fichier-methodologique-go\" data-title=\"fichier-methodologique-go\" wpoptions=\"true\" thumbtype=\"\" ><\/div><script class=\"df-shortcode-script\" nowprocket type=\"application\/javascript\">window.option_df_11791 = {\"outline\":[],\"autoEnableOutline\":\"false\",\"autoEnableThumbnail\":\"false\",\"overwritePDFOutline\":\"false\",\"enableDownload\":\"false\",\"direction\":\"1\",\"pageSize\":\"0\",\"soundEnable\":\"false\",\"autoPlay\":\"false\",\"source\":\"https:\\\/\\\/www.evoluscience.fr\\\/wp-content\\\/uploads\\\/2022\\\/09\\\/Fichier-methodologique-GO.pdf\",\"wpOptions\":\"true\"}; if(window.DFLIP && window.DFLIP.parseBooks){window.DFLIP.parseBooks();}<\/script>\n\n\n\n<div style=\"height:100px\" aria-hidden=\"true\" class=\"wp-block-spacer\"><\/div>\n\n\n\n<p class=\"has-text-align-center\">Crit\u00e8res de r\u00e9ussite des \u00ab\u00a0savoir-faire\u00a0\u00bb en SVT<\/p>\n\n\n\n<div class=\"_df_book df-lite\" id=\"df_11793\"  _slug=\"criteres-de-reussite\" data-title=\"criteres-de-reussite\" wpoptions=\"true\" thumbtype=\"\" ><\/div><script class=\"df-shortcode-script\" nowprocket type=\"application\/javascript\">window.option_df_11793 = {\"outline\":[],\"autoEnableOutline\":\"false\",\"autoEnableThumbnail\":\"false\",\"overwritePDFOutline\":\"false\",\"enableDownload\":\"false\",\"direction\":\"1\",\"pageSize\":\"0\",\"soundEnable\":\"false\",\"autoPlay\":\"false\",\"source\":\"https:\\\/\\\/www.evoluscience.fr\\\/wp-content\\\/uploads\\\/2022\\\/09\\\/Criteres-de-reussite.pdf\",\"wpOptions\":\"true\"}; if(window.DFLIP && window.DFLIP.parseBooks){window.DFLIP.parseBooks();}<\/script>\n\n\n\n<div style=\"height:100px\" aria-hidden=\"true\" class=\"wp-block-spacer\"><\/div>\n\n\n\n<p class=\"has-text-align-center\"><a href=\"https:\/\/evoluscience.fr\/index.php\/methodologie\/fiches-methodologiques\/realiser-la-demarche-scientifique\/\">R\u00e9aliser la d\u00e9marche scientifique<\/a><\/p>\n\n\n\n<p class=\"has-text-align-center\"><a href=\"https:\/\/evoluscience.fr\/index.php\/methodologie\/fiches-methodologiques\/exploiter-un-tableau\/\">Exploiter un tableau<\/a><\/p>\n\n\n\n<p class=\"has-text-align-center\"><a href=\"https:\/\/evoluscience.fr\/index.php\/methodologie\/fiches-methodologiques\/construire-un-graphique\/\">Construire un graphique<\/a><\/p>\n\n\n\n<p class=\"has-text-align-center\"><a href=\"https:\/\/evoluscience.fr\/index.php\/methodologie\/fiches-methodologiques\/utiliser-un-microscope-optique\/\">Utiliser un microscope optique<\/a><\/p>\n\n\n\n<p class=\"has-text-align-center\"><a href=\"https:\/\/evoluscience.fr\/index.php\/methodologie\/fiches-methodologiques\/realiser-un-dessin-dobservation\/\">R\u00e9aliser un dessin d&rsquo;observation<\/a><\/p>\n\n\n\n<p class=\"has-text-align-center\"><a href=\"https:\/\/evoluscience.fr\/index.php\/methodologie\/fiches-methodologiques\/realiser-un-schema\/\">R\u00e9aliser un sch\u00e9ma<\/a><\/p>\n\n\n\n<p class=\"has-text-align-center\"><a href=\"https:\/\/evoluscience.fr\/index.php\/methodologie\/fiches-methodologiques\/etudier-un-document\/\">Etudier un document<\/a><\/p>\n\n\n\n<p class=\"has-text-align-center\"><a href=\"https:\/\/evoluscience.fr\/index.php\/methodologie\/fiches-methodologiques\/realiser-un-expose\/\" target=\"_blank\" rel=\"noreferrer noopener\">R\u00e9aliser un expos\u00e9 ou une vid\u00e9o<\/a><\/p>\n\n\n\n<p class=\"has-text-align-center\"><a href=\"https:\/\/evoluscience.fr\/index.php\/methodologie\/fiches-methodologiques\/organiser-un-debat\/\">Organiser un d\u00e9bat<\/a><\/p>\n\n\n\n<p class=\"has-text-align-center\"><a href=\"https:\/\/evoluscience.fr\/index.php\/methodologie\/fiches-methodologiques\/realiser-un-article\/\">R\u00e9aliser un article<\/a><\/p>\n\n\n\n<p><\/p>\n\n\n\n<div style=\"height:100px\" aria-hidden=\"true\" class=\"wp-block-spacer\"><\/div>\n\n\n\n<p class=\"has-text-align-center\"><a href=\"https:\/\/evoluscience.fr\/index.php\/methodologie\/fiches-methodologiques\/la-lecture-de-consignes\/\" target=\"_blank\" rel=\"noreferrer noopener\">La lecture de consignes<\/a><\/p>\n\n\n\n<p class=\"has-text-align-center\"><a href=\"https:\/\/evoluscience.fr\/index.php\/methodologie\/fiches-methodologiques\/competences-sociales-lors-du-travail-en-groupe\/\" target=\"_blank\" rel=\"noreferrer noopener\" aria-label=\"Comp\u00e9tences sociales lors du travail en groupe (s\u2019ouvre dans un nouvel onglet)\">Comp\u00e9tences sociales lors du travail en groupe<\/a><\/p>\n\n\n\n<div style=\"height:100px\" aria-hidden=\"true\" class=\"wp-block-spacer\"><\/div>\n\n\n\n<p class=\"has-text-align-center\"><a href=\"https:\/\/evoluscience.fr\/index.php\/methodologie\/fiches-methodologiques\/realiser-les-fiches-de-revision-pour-le-brevet\/?preview=true\" target=\"_blank\" rel=\"noreferrer noopener\">R\u00e9aliser les fiches de r\u00e9vision<\/a><\/p>\n\n\n\n<p class=\"has-text-align-center\"><a rel=\"noreferrer noopener\" aria-label=\"Corriger son devoir surveill\u00e9 (s\u2019ouvre dans un nouvel onglet)\" href=\"https:\/\/evoluscience.fr\/index.php\/methodologie\/fiches-methodologiques\/corriger-le-devoir-surveille\/\" target=\"_blank\">Corriger son devoir surveill\u00e9<\/a><\/p>\n\n\n\n<div style=\"height:100px\" aria-hidden=\"true\" class=\"wp-block-spacer\"><\/div>\n","protected":false},"excerpt":{"rendered":"<p>Au coll\u00e8ge, un des objectifs est d&rsquo;acqu\u00e9rir des comp\u00e9tences qui seront utiles pour le brevet et au lyc\u00e9e. En seconde, il sera consid\u00e9r\u00e9 que les comp\u00e9tences travaill\u00e9es au coll\u00e8ge sont acquises. Voici quelques fiches m\u00e9thodologique<a class=\"read-more\" href=\"https:\/\/www.evoluscience.fr\/index.php\/methodologie\/fiches-methodologiques\/\">Continue reading<\/a><\/p>\n","protected":false},"author":1,"featured_media":0,"parent":14,"menu_order":6,"comment_status":"closed","ping_status":"closed","template":"","meta":{"_monsterinsights_skip_tracking":false,"_monsterinsights_sitenote_active":false,"_monsterinsights_sitenote_note":"","_monsterinsights_sitenote_category":0,"_themeisle_gutenberg_block_has_review":false,"footnotes":""},"c2tw_page_folder":[],"class_list":["post-271","page","type-page","status-publish","hentry"],"_links":{"self":[{"href":"https:\/\/www.evoluscience.fr\/index.php\/wp-json\/wp\/v2\/pages\/271","targetHints":{"allow":["GET"]}}],"collection":[{"href":"https:\/\/www.evoluscience.fr\/index.php\/wp-json\/wp\/v2\/pages"}],"about":[{"href":"https:\/\/www.evoluscience.fr\/index.php\/wp-json\/wp\/v2\/types\/page"}],"author":[{"embeddable":true,"href":"https:\/\/www.evoluscience.fr\/index.php\/wp-json\/wp\/v2\/users\/1"}],"replies":[{"embeddable":true,"href":"https:\/\/www.evoluscience.fr\/index.php\/wp-json\/wp\/v2\/comments?post=271"}],"version-history":[{"count":0,"href":"https:\/\/www.evoluscience.fr\/index.php\/wp-json\/wp\/v2\/pages\/271\/revisions"}],"up":[{"embeddable":true,"href":"https:\/\/www.evoluscience.fr\/index.php\/wp-json\/wp\/v2\/pages\/14"}],"wp:attachment":[{"href":"https:\/\/www.evoluscience.fr\/index.php\/wp-json\/wp\/v2\/media?parent=271"}],"wp:term":[{"taxonomy":"c2tw_page_folder","embeddable":true,"href":"https:\/\/www.evoluscience.fr\/index.php\/wp-json\/wp\/v2\/c2tw_page_folder?post=271"}],"curies":[{"name":"wp","href":"https:\/\/api.w.org\/{rel}","templated":true}]}}