{"id":2092,"date":"2019-10-17T22:46:56","date_gmt":"2019-10-17T20:46:56","guid":{"rendered":"http:\/\/evoluscience.fr\/?page_id=2092"},"modified":"2026-03-23T18:53:24","modified_gmt":"2026-03-23T17:53:24","slug":"3e-le-vivant","status":"publish","type":"page","link":"https:\/\/www.evoluscience.fr\/index.php\/cycle-4\/troisieme-2\/3e-le-vivant\/","title":{"rendered":"3e &#8211; Le Vivant"},"content":{"rendered":"\n<div id=\"wp-block-themeisle-blocks-advanced-columns-b10091cb\" class=\"wp-block-themeisle-blocks-advanced-columns has-1-columns has-desktop-equal-layout has-tablet-equal-layout has-mobile-equal-layout has-vertical-unset\"><div class=\"wp-block-themeisle-blocks-advanced-columns-overlay\"><\/div><div class=\"innerblocks-wrap\">\n<div id=\"wp-block-themeisle-blocks-advanced-column-95ce5dc8\" class=\"wp-block-themeisle-blocks-advanced-column\">\n<div style=\"height:100px\" aria-hidden=\"true\" class=\"wp-block-spacer\"><\/div>\n\n\n\n<div class=\"wp-block-media-text alignwide\"><figure class=\"wp-block-media-text__media\"><img loading=\"lazy\" decoding=\"async\" width=\"600\" height=\"600\" src=\"https:\/\/evoluscience.fr\/wp-content\/uploads\/2019\/09\/rainette_violet.jpg\" alt=\"\" class=\"wp-image-251 size-full\" srcset=\"https:\/\/www.evoluscience.fr\/wp-content\/uploads\/2019\/09\/rainette_violet.jpg 600w, https:\/\/www.evoluscience.fr\/wp-content\/uploads\/2019\/09\/rainette_violet-150x150.jpg 150w, https:\/\/www.evoluscience.fr\/wp-content\/uploads\/2019\/09\/rainette_violet-300x300.jpg 300w, https:\/\/www.evoluscience.fr\/wp-content\/uploads\/2019\/09\/rainette_violet-520x520.jpg 520w\" sizes=\"auto, (max-width: 600px) 100vw, 600px\" \/><\/figure><div class=\"wp-block-media-text__content\">\n<p class=\"has-text-color has-large-font-size\" style=\"color:#933aec\">\n\nLe Vivant\n\n<\/p>\n<\/div><\/div>\n\n\n\n<div style=\"height:100px\" aria-hidden=\"true\" class=\"wp-block-spacer\"><\/div>\n\n\n\n<p class=\"has-drop-cap\"><em>Camille et Hugo ont saisi\nl\u2019importance d\u2019une bonne hygi\u00e8ne de vie pour r\u00e9ussir leur ann\u00e9e.<\/em><\/p>\n\n\n\n<p><em>Leurs actions ont, au quotidien,\ndes cons\u00e9quences sur eux-m\u00eames.<\/em><\/p>\n\n\n\n<p><em>Ils se demandent si &nbsp;les interactions entre les \u00eatres vivants et\naussi avec l\u2019environnement entra\u00eenent des cons\u00e9quences au cours des g\u00e9n\u00e9rations\nsur les organismes.<\/em><\/p>\n\n\n\n<p class=\"has-vivid-green-cyan-color has-text-color\">Comment les interactions inter et intra-sp\u00e9cifiques influencent-elles l\u2019\u00e9volution des esp\u00e8ces au cours des g\u00e9n\u00e9rations&nbsp;?<\/p>\n\n\n\n<div style=\"height:100px\" aria-hidden=\"true\" class=\"wp-block-spacer\"><\/div>\n\n\n\n<p><a href=\"https:\/\/evoluscience.fr\/index.php\/cycle-4\/troisieme-2\/3e-le-vivant\/chapitre-1-les-facteurs-externes-impliques-dans-levolution-dune-population\/\">Chapitre 1 &#8211; Les facteurs externes impliqu\u00e9s dans l&rsquo;\u00e9volution d&rsquo;une population<\/a><\/p>\n\n\n\n<p><a href=\"https:\/\/evoluscience.fr\/index.php\/cycle-4\/troisieme-2\/3e-le-vivant\/chapitre-2-genetique-et-selection-naturelle\/\">Chapitre 2 &#8211; G\u00e9n\u00e9tique et s\u00e9lection naturelle<\/a><\/p>\n<\/div>\n<\/div><\/div>\n\n\n\n<div style=\"height:100px\" aria-hidden=\"true\" class=\"wp-block-spacer\"><\/div>\n\n\n\n<p>Acc\u00e8s aux cours de SVT<\/p>\n","protected":false},"excerpt":{"rendered":"<p>Acc\u00e8s aux cours de SVT<\/p>\n","protected":false},"author":1,"featured_media":0,"parent":1349,"menu_order":3,"comment_status":"closed","ping_status":"closed","template":"","meta":{"_monsterinsights_skip_tracking":false,"_monsterinsights_sitenote_active":false,"_monsterinsights_sitenote_note":"","_monsterinsights_sitenote_category":0,"_themeisle_gutenberg_block_has_review":false,"footnotes":""},"class_list":["post-2092","page","type-page","status-publish","hentry"],"_links":{"self":[{"href":"https:\/\/www.evoluscience.fr\/index.php\/wp-json\/wp\/v2\/pages\/2092","targetHints":{"allow":["GET"]}}],"collection":[{"href":"https:\/\/www.evoluscience.fr\/index.php\/wp-json\/wp\/v2\/pages"}],"about":[{"href":"https:\/\/www.evoluscience.fr\/index.php\/wp-json\/wp\/v2\/types\/page"}],"author":[{"embeddable":true,"href":"https:\/\/www.evoluscience.fr\/index.php\/wp-json\/wp\/v2\/users\/1"}],"replies":[{"embeddable":true,"href":"https:\/\/www.evoluscience.fr\/index.php\/wp-json\/wp\/v2\/comments?post=2092"}],"version-history":[{"count":0,"href":"https:\/\/www.evoluscience.fr\/index.php\/wp-json\/wp\/v2\/pages\/2092\/revisions"}],"up":[{"embeddable":true,"href":"https:\/\/www.evoluscience.fr\/index.php\/wp-json\/wp\/v2\/pages\/1349"}],"wp:attachment":[{"href":"https:\/\/www.evoluscience.fr\/index.php\/wp-json\/wp\/v2\/media?parent=2092"}],"curies":[{"name":"wp","href":"https:\/\/api.w.org\/{rel}","templated":true}]}}