{"id":1887,"date":"2019-10-03T20:10:34","date_gmt":"2019-10-03T18:10:34","guid":{"rendered":"http:\/\/evoluscience.fr\/?page_id=1887"},"modified":"2026-04-14T18:53:51","modified_gmt":"2026-04-14T16:53:51","slug":"conclusion","status":"publish","type":"page","link":"https:\/\/www.evoluscience.fr\/index.php\/cycle-4\/quatrieme-2\/4e-le-vivant\/chapitre-1-la-particularite-dune-espece\/activite-5\/conclusion\/","title":{"rendered":"Conclusion"},"content":{"rendered":"\n<div id=\"wp-block-themeisle-blocks-advanced-columns-8968b894\" class=\"wp-block-themeisle-blocks-advanced-columns has-1-columns has-desktop-equal-layout has-tablet-equal-layout has-mobile-equal-layout has-vertical-unset\"><div class=\"wp-block-themeisle-blocks-advanced-columns-overlay\"><\/div><div class=\"innerblocks-wrap\">\n<div id=\"wp-block-themeisle-blocks-advanced-column-58925fd7\" class=\"wp-block-themeisle-blocks-advanced-column\">\n<p class=\"has-drop-cap has-vivid-red-color has-text-color\">Les cellules de l&rsquo;organisme, \u00e0 l&rsquo;exception des cellules\nreproductrices, poss\u00e8dent la m\u00eame information g\u00e9n\u00e9tique que la cellule-\u0153uf dont\nelles proviennent par divisions successives.<\/p>\n\n\n\n<p class=\"has-vivid-red-color has-text-color\">La division d\u2019une cellule :<\/p>\n\n\n\n<p class=\"has-vivid-red-color has-text-color\">&#8211; est pr\u00e9par\u00e9e par la copie de chacun de ses 46\nchromosomes.<\/p>\n\n\n\n<p class=\"has-vivid-red-color has-text-color\">&#8211; se caract\u00e9rise par la s\u00e9paration des chromosomes obtenus, chacune des deux cellules form\u00e9es recevant 23 paires de chromosomes identiques \u00e0 ceux de la cellule initiale.<\/p>\n\n\n\n<div class=\"_df_book df-lite\" id=\"df_10762\"  _slug=\"4-pv-chp1act5-schema-mitose\" data-title=\"4-pv-chp1act5-schema-mitose\" wpoptions=\"true\" thumbtype=\"\" ><\/div><script class=\"df-shortcode-script\" nowprocket type=\"application\/javascript\">window.option_df_10762 = {\"outline\":[],\"autoEnableOutline\":\"false\",\"autoEnableThumbnail\":\"false\",\"overwritePDFOutline\":\"false\",\"enableDownload\":\"false\",\"direction\":\"1\",\"pageSize\":\"0\",\"soundEnable\":\"false\",\"autoPlay\":\"false\",\"source\":\"https:\\\/\\\/www.evoluscience.fr\\\/wp-content\\\/uploads\\\/2023\\\/02\\\/4-PV-Chp1Act5-Schema-mitose.pdf\",\"wpOptions\":\"true\"}; if(window.DFLIP && window.DFLIP.parseBooks){window.DFLIP.parseBooks();}<\/script>\n<\/div>\n<\/div><\/div>\n\n\n\n<div style=\"height:100px\" aria-hidden=\"true\" class=\"wp-block-spacer\"><\/div>\n\n\n\n<p class=\"has-text-align-center\">Chanson : Paires de chromosomes<\/p>\n\n\n<div class=\"wp-block-image\">\n<figure class=\"aligncenter size-full is-resized\"><img loading=\"lazy\" decoding=\"async\" width=\"360\" height=\"360\" src=\"https:\/\/www.evoluscience.fr\/wp-content\/uploads\/2026\/04\/Paires-De-Chromosomes-mp3-image.jpg\" alt=\"\" class=\"wp-image-13815\" style=\"width:528px;height:auto\" srcset=\"https:\/\/www.evoluscience.fr\/wp-content\/uploads\/2026\/04\/Paires-De-Chromosomes-mp3-image.jpg 360w, https:\/\/www.evoluscience.fr\/wp-content\/uploads\/2026\/04\/Paires-De-Chromosomes-mp3-image-300x300.jpg 300w, https:\/\/www.evoluscience.fr\/wp-content\/uploads\/2026\/04\/Paires-De-Chromosomes-mp3-image-150x150.jpg 150w\" sizes=\"auto, (max-width: 360px) 100vw, 360px\" \/><\/figure>\n<\/div>\n\n\n<figure class=\"wp-block-audio\"><audio controls src=\"https:\/\/www.evoluscience.fr\/wp-content\/uploads\/2026\/04\/Paires-De-Chromosomes.mp3\"><\/audio><\/figure>\n\n\n\n<p><\/p>\n","protected":false},"excerpt":{"rendered":"<p>Chanson : Paires de chromosomes<\/p>\n","protected":false},"author":1,"featured_media":0,"parent":1875,"menu_order":0,"comment_status":"closed","ping_status":"closed","template":"","meta":{"_monsterinsights_skip_tracking":false,"_monsterinsights_sitenote_active":false,"_monsterinsights_sitenote_note":"","_monsterinsights_sitenote_category":0,"_themeisle_gutenberg_block_has_review":false,"footnotes":""},"c2tw_page_folder":[],"class_list":["post-1887","page","type-page","status-publish","hentry"],"_links":{"self":[{"href":"https:\/\/www.evoluscience.fr\/index.php\/wp-json\/wp\/v2\/pages\/1887","targetHints":{"allow":["GET"]}}],"collection":[{"href":"https:\/\/www.evoluscience.fr\/index.php\/wp-json\/wp\/v2\/pages"}],"about":[{"href":"https:\/\/www.evoluscience.fr\/index.php\/wp-json\/wp\/v2\/types\/page"}],"author":[{"embeddable":true,"href":"https:\/\/www.evoluscience.fr\/index.php\/wp-json\/wp\/v2\/users\/1"}],"replies":[{"embeddable":true,"href":"https:\/\/www.evoluscience.fr\/index.php\/wp-json\/wp\/v2\/comments?post=1887"}],"version-history":[{"count":0,"href":"https:\/\/www.evoluscience.fr\/index.php\/wp-json\/wp\/v2\/pages\/1887\/revisions"}],"up":[{"embeddable":true,"href":"https:\/\/www.evoluscience.fr\/index.php\/wp-json\/wp\/v2\/pages\/1875"}],"wp:attachment":[{"href":"https:\/\/www.evoluscience.fr\/index.php\/wp-json\/wp\/v2\/media?parent=1887"}],"wp:term":[{"taxonomy":"c2tw_page_folder","embeddable":true,"href":"https:\/\/www.evoluscience.fr\/index.php\/wp-json\/wp\/v2\/c2tw_page_folder?post=1887"}],"curies":[{"name":"wp","href":"https:\/\/api.w.org\/{rel}","templated":true}]}}