{"id":1644,"date":"2019-10-03T15:34:49","date_gmt":"2019-10-03T13:34:49","guid":{"rendered":"http:\/\/evoluscience.fr\/?page_id=1644"},"modified":"2026-04-14T13:59:34","modified_gmt":"2026-04-14T11:59:34","slug":"conclusion","status":"publish","type":"page","link":"https:\/\/www.evoluscience.fr\/index.php\/cycle-4\/quatrieme-2\/4e-le-vivant\/chapitre-1-la-particularite-dune-espece\/activite-1\/conclusion\/","title":{"rendered":"Conclusion"},"content":{"rendered":"\n<div id=\"wp-block-themeisle-blocks-advanced-columns-721ff90c\" class=\"wp-block-themeisle-blocks-advanced-columns has-1-columns has-desktop-equal-layout has-tablet-equal-layout has-mobile-equal-layout has-vertical-unset\"><div class=\"wp-block-themeisle-blocks-advanced-columns-overlay\"><\/div><div class=\"innerblocks-wrap\">\n<div id=\"wp-block-themeisle-blocks-advanced-column-dcb9b441\" class=\"wp-block-themeisle-blocks-advanced-column\">\n<p class=\"has-drop-cap has-vivid-red-color has-text-color\">La cellule, unit\u00e9 du vivant, et\nl\u2019universalit\u00e9 du support de l\u2019information g\u00e9n\u00e9tique dans tous les organismes,\nHomme compris, indiquent une origine primordiale commune.<\/p>\n\n\n\n<p class=\"has-vivid-red-color has-text-color\">Une esp\u00e8ce nouvelle pr\u00e9sente des\ncaract\u00e8res ancestraux et aussi des caract\u00e8res d\u00e9riv\u00e9s par rapport \u00e0 une esp\u00e8ce\nant\u00e9rieure dont elle serait issue&nbsp;: ce sont les caract\u00e8res partag\u00e9s.<\/p>\n\n\n\n<p class=\"has-vivid-red-color has-text-color\">L\u2019Homme, en tant qu\u2019esp\u00e8ce, est apparu sur la Terre en s\u2019inscrivant dans le processus de l\u2019\u00e9volution.<\/p>\n\n\n\n<figure class=\"wp-block-image\"><img loading=\"lazy\" decoding=\"async\" width=\"783\" height=\"374\" src=\"https:\/\/evoluscience.fr\/wp-content\/uploads\/2019\/10\/4-PV-Chp1Act1-arbre-phylog\u00e9n\u00e9tique-correction.jpg\" alt=\"\" class=\"wp-image-1712\" srcset=\"https:\/\/www.evoluscience.fr\/wp-content\/uploads\/2019\/10\/4-PV-Chp1Act1-arbre-phylog\u00e9n\u00e9tique-correction.jpg 783w, https:\/\/www.evoluscience.fr\/wp-content\/uploads\/2019\/10\/4-PV-Chp1Act1-arbre-phylog\u00e9n\u00e9tique-correction-300x143.jpg 300w, https:\/\/www.evoluscience.fr\/wp-content\/uploads\/2019\/10\/4-PV-Chp1Act1-arbre-phylog\u00e9n\u00e9tique-correction-768x367.jpg 768w, https:\/\/www.evoluscience.fr\/wp-content\/uploads\/2019\/10\/4-PV-Chp1Act1-arbre-phylog\u00e9n\u00e9tique-correction-520x248.jpg 520w, https:\/\/www.evoluscience.fr\/wp-content\/uploads\/2019\/10\/4-PV-Chp1Act1-arbre-phylog\u00e9n\u00e9tique-correction-740x353.jpg 740w\" sizes=\"auto, (max-width: 783px) 100vw, 783px\" \/><\/figure>\n\n\n\n<div style=\"height:100px\" aria-hidden=\"true\" class=\"wp-block-spacer\"><\/div>\n\n\n\n<p class=\"has-text-align-center\">Chanson : Arbre phylog\u00e9n\u00e9tique<\/p>\n\n\n<div class=\"wp-block-image\">\n<figure class=\"aligncenter size-full\"><img loading=\"lazy\" decoding=\"async\" width=\"360\" height=\"360\" src=\"https:\/\/www.evoluscience.fr\/wp-content\/uploads\/2026\/04\/Arbre-phylogenetique-mp3-image.jpg\" alt=\"\" class=\"wp-image-13782\" srcset=\"https:\/\/www.evoluscience.fr\/wp-content\/uploads\/2026\/04\/Arbre-phylogenetique-mp3-image.jpg 360w, https:\/\/www.evoluscience.fr\/wp-content\/uploads\/2026\/04\/Arbre-phylogenetique-mp3-image-300x300.jpg 300w, https:\/\/www.evoluscience.fr\/wp-content\/uploads\/2026\/04\/Arbre-phylogenetique-mp3-image-150x150.jpg 150w\" sizes=\"auto, (max-width: 360px) 100vw, 360px\" \/><\/figure>\n<\/div>\n\n\n<figure class=\"wp-block-audio\"><audio controls src=\"https:\/\/www.evoluscience.fr\/wp-content\/uploads\/2026\/04\/Arbre-phylogenetique.mp3\"><\/audio><\/figure>\n\n\n\n<div style=\"height:50px\" aria-hidden=\"true\" class=\"wp-block-spacer\"><\/div>\n\n\n\n<p class=\"has-text-align-center\">Chanson :  Liens de parent\u00e9<\/p>\n\n\n<div class=\"wp-block-image\">\n<figure class=\"aligncenter size-full\"><img loading=\"lazy\" decoding=\"async\" width=\"360\" height=\"360\" src=\"https:\/\/www.evoluscience.fr\/wp-content\/uploads\/2026\/04\/Liens-de-parente-mp3-image.jpg\" alt=\"\" class=\"wp-image-13795\" srcset=\"https:\/\/www.evoluscience.fr\/wp-content\/uploads\/2026\/04\/Liens-de-parente-mp3-image.jpg 360w, https:\/\/www.evoluscience.fr\/wp-content\/uploads\/2026\/04\/Liens-de-parente-mp3-image-300x300.jpg 300w, https:\/\/www.evoluscience.fr\/wp-content\/uploads\/2026\/04\/Liens-de-parente-mp3-image-150x150.jpg 150w\" sizes=\"auto, (max-width: 360px) 100vw, 360px\" \/><\/figure>\n<\/div>\n\n\n<figure class=\"wp-block-audio\"><audio controls src=\"https:\/\/www.evoluscience.fr\/wp-content\/uploads\/2026\/04\/Liens-de-parente.mp3\"><\/audio><\/figure>\n\n\n\n<p><\/p>\n\n\n\n<p><\/p>\n\n\n\n<p><\/p>\n<\/div>\n<\/div><\/div>\n","protected":false},"excerpt":{"rendered":"","protected":false},"author":1,"featured_media":0,"parent":1641,"menu_order":0,"comment_status":"closed","ping_status":"closed","template":"","meta":{"_monsterinsights_skip_tracking":false,"_monsterinsights_sitenote_active":false,"_monsterinsights_sitenote_note":"","_monsterinsights_sitenote_category":0,"_themeisle_gutenberg_block_has_review":false,"footnotes":""},"class_list":["post-1644","page","type-page","status-publish","hentry"],"_links":{"self":[{"href":"https:\/\/www.evoluscience.fr\/index.php\/wp-json\/wp\/v2\/pages\/1644","targetHints":{"allow":["GET"]}}],"collection":[{"href":"https:\/\/www.evoluscience.fr\/index.php\/wp-json\/wp\/v2\/pages"}],"about":[{"href":"https:\/\/www.evoluscience.fr\/index.php\/wp-json\/wp\/v2\/types\/page"}],"author":[{"embeddable":true,"href":"https:\/\/www.evoluscience.fr\/index.php\/wp-json\/wp\/v2\/users\/1"}],"replies":[{"embeddable":true,"href":"https:\/\/www.evoluscience.fr\/index.php\/wp-json\/wp\/v2\/comments?post=1644"}],"version-history":[{"count":0,"href":"https:\/\/www.evoluscience.fr\/index.php\/wp-json\/wp\/v2\/pages\/1644\/revisions"}],"up":[{"embeddable":true,"href":"https:\/\/www.evoluscience.fr\/index.php\/wp-json\/wp\/v2\/pages\/1641"}],"wp:attachment":[{"href":"https:\/\/www.evoluscience.fr\/index.php\/wp-json\/wp\/v2\/media?parent=1644"}],"curies":[{"name":"wp","href":"https:\/\/api.w.org\/{rel}","templated":true}]}}