{"id":1533,"date":"2019-10-03T12:25:18","date_gmt":"2019-10-03T10:25:18","guid":{"rendered":"http:\/\/evoluscience.fr\/?page_id=1533"},"modified":"2026-04-19T19:14:46","modified_gmt":"2026-04-19T17:14:46","slug":"conclusion","status":"publish","type":"page","link":"https:\/\/www.evoluscience.fr\/index.php\/cycle-4\/cinquieme\/5e-le-vivant\/chapitre-2-la-nutrition-chez-les-etres-vivants\/activite-3\/conclusion\/","title":{"rendered":"Conclusion"},"content":{"rendered":"<div id=\"modal-ready\">\n<div id=\"wp-block-themeisle-blocks-advanced-columns-fc58714c\" class=\"wp-block-themeisle-blocks-advanced-columns has-1-columns has-desktop-equal-layout has-tablet-equal-layout has-mobile-equal-layout has-vertical-unset\"><div class=\"wp-block-themeisle-blocks-advanced-columns-overlay\"><\/div><div class=\"innerblocks-wrap\">\n<div id=\"wp-block-themeisle-blocks-advanced-column-876b6913\" class=\"wp-block-themeisle-blocks-advanced-column\">\n<p class=\"has-drop-cap has-vivid-red-color has-text-color\">L\u2019eau et les sels\nmin\u00e9raux absorb\u00e9s au niveau des racines sont transport\u00e9s dans la s\u00e8ve brute du\nxyl\u00e8me (composant le bois) aux feuilles. <\/p>\n\n\n\n<p class=\"has-vivid-red-color has-text-color\">La transpiration au\nniveau des feuilles permet de mettre en mouvement l\u2019eau par capillarit\u00e9 et\nainsi la s\u00e8ve brute.<\/p>\n\n\n\n<p class=\"has-vivid-red-color has-text-color\">Les \u00e9l\u00e9ments produits\npar la photosynth\u00e8se sont distribu\u00e9s aux cellules par la s\u00e8ve \u00e9labor\u00e9e.<\/p>\n\n\n\n<p class=\"has-vivid-red-color has-text-color\">L\u2019amidon peut \u00eatre stock\u00e9 au niveau d\u2019organes de r\u00e9serve (racines, tubercules, rhizomes, bulbes) pour passer la mauvaise saison.<\/p>\n\n\n\n<div style=\"height:60px\" aria-hidden=\"true\" class=\"wp-block-spacer\"><\/div>\n\n\n\n<p>Astuce mn\u00e9motechnique : Pensez FFFe !<\/p>\n\n\n\n<p>Feuille &#8211; \u00ab\u00a0Ph\u00a0\u00bbotosynth\u00e8se &#8211; \u00ab\u00a0Ph\u00a0\u00bblo\u00e8me &#8211; \u00e9labor\u00e9e (s\u00e8ve)<\/p>\n\n\n\n<div style=\"height:100px\" aria-hidden=\"true\" class=\"wp-block-spacer\"><\/div>\n\n\n\n<div class=\"_df_book df-lite\" id=\"df_11566\"  _slug=\"5-pv-chp2act3-schema-bilan\" data-title=\"5-pv-chp2act3-schema-bilan\" wpoptions=\"true\" thumbtype=\"\" ><\/div><script class=\"df-shortcode-script\" nowprocket type=\"application\/javascript\">window.option_df_11566 = {\"outline\":[],\"autoEnableOutline\":\"false\",\"autoEnableThumbnail\":\"false\",\"overwritePDFOutline\":\"false\",\"enableDownload\":\"false\",\"direction\":\"1\",\"pageSize\":\"0\",\"soundEnable\":\"false\",\"autoPlay\":\"false\",\"source\":\"https:\\\/\\\/www.evoluscience.fr\\\/wp-content\\\/uploads\\\/2023\\\/02\\\/5-PV-Chp2Act3-Schema-bilan.pdf\",\"wpOptions\":\"true\"}; if(window.DFLIP && window.DFLIP.parseBooks){window.DFLIP.parseBooks();}<\/script>\n\n\n\n<div style=\"height:46px\" aria-hidden=\"true\" class=\"wp-block-spacer\"><\/div>\n\n\n<div class=\"wp-block-image\">\n<figure class=\"aligncenter size-large\"><img loading=\"lazy\" decoding=\"async\" width=\"640\" height=\"403\" src=\"https:\/\/evoluscience.fr\/wp-content\/uploads\/2020\/03\/image-21.png\" alt=\"\" class=\"wp-image-4260\" srcset=\"https:\/\/www.evoluscience.fr\/wp-content\/uploads\/2020\/03\/image-21.png 640w, https:\/\/www.evoluscience.fr\/wp-content\/uploads\/2020\/03\/image-21-300x189.png 300w, https:\/\/www.evoluscience.fr\/wp-content\/uploads\/2020\/03\/image-21-520x327.png 520w\" sizes=\"auto, (max-width: 640px) 100vw, 640px\" \/><\/figure>\n<\/div><\/div>\n<\/div><\/div>\n\n\n\n<p class=\"has-text-align-center\">Chanson : Le bal des nutriments<\/p>\n\n\n<div class=\"wp-block-image\">\n<figure class=\"aligncenter size-full\"><img loading=\"lazy\" decoding=\"async\" width=\"360\" height=\"360\" src=\"https:\/\/www.evoluscience.fr\/wp-content\/uploads\/2026\/04\/Bal-des-Nutriments-mp3-image.jpg\" alt=\"\" class=\"wp-image-13883\" srcset=\"https:\/\/www.evoluscience.fr\/wp-content\/uploads\/2026\/04\/Bal-des-Nutriments-mp3-image.jpg 360w, https:\/\/www.evoluscience.fr\/wp-content\/uploads\/2026\/04\/Bal-des-Nutriments-mp3-image-300x300.jpg 300w, https:\/\/www.evoluscience.fr\/wp-content\/uploads\/2026\/04\/Bal-des-Nutriments-mp3-image-150x150.jpg 150w\" sizes=\"auto, (max-width: 360px) 100vw, 360px\" \/><\/figure>\n<\/div>\n\n\n<figure class=\"wp-block-audio\"><audio controls src=\"https:\/\/www.evoluscience.fr\/wp-content\/uploads\/2026\/04\/Bal-des-Nutriments.mp3\"><\/audio><\/figure>\n<\/div>","protected":false},"excerpt":{"rendered":"<p>Chanson : Le bal des nutriments<\/p>\n","protected":false},"author":1,"featured_media":0,"parent":1530,"menu_order":0,"comment_status":"closed","ping_status":"closed","template":"","meta":{"om_disable_all_campaigns":false,"_monsterinsights_skip_tracking":false,"_monsterinsights_sitenote_active":false,"_monsterinsights_sitenote_note":"","_monsterinsights_sitenote_category":0,"_themeisle_gutenberg_block_has_review":false,"footnotes":""},"c2tw_page_folder":[],"class_list":["post-1533","page","type-page","status-publish","hentry"],"aioseo_notices":[],"_links":{"self":[{"href":"https:\/\/www.evoluscience.fr\/index.php\/wp-json\/wp\/v2\/pages\/1533","targetHints":{"allow":["GET"]}}],"collection":[{"href":"https:\/\/www.evoluscience.fr\/index.php\/wp-json\/wp\/v2\/pages"}],"about":[{"href":"https:\/\/www.evoluscience.fr\/index.php\/wp-json\/wp\/v2\/types\/page"}],"author":[{"embeddable":true,"href":"https:\/\/www.evoluscience.fr\/index.php\/wp-json\/wp\/v2\/users\/1"}],"replies":[{"embeddable":true,"href":"https:\/\/www.evoluscience.fr\/index.php\/wp-json\/wp\/v2\/comments?post=1533"}],"version-history":[{"count":3,"href":"https:\/\/www.evoluscience.fr\/index.php\/wp-json\/wp\/v2\/pages\/1533\/revisions"}],"predecessor-version":[{"id":13885,"href":"https:\/\/www.evoluscience.fr\/index.php\/wp-json\/wp\/v2\/pages\/1533\/revisions\/13885"}],"up":[{"embeddable":true,"href":"https:\/\/www.evoluscience.fr\/index.php\/wp-json\/wp\/v2\/pages\/1530"}],"wp:attachment":[{"href":"https:\/\/www.evoluscience.fr\/index.php\/wp-json\/wp\/v2\/media?parent=1533"}],"wp:term":[{"taxonomy":"c2tw_page_folder","embeddable":true,"href":"https:\/\/www.evoluscience.fr\/index.php\/wp-json\/wp\/v2\/c2tw_page_folder?post=1533"}],"curies":[{"name":"wp","href":"https:\/\/api.w.org\/{rel}","templated":true}]}}