{"id":15,"date":"2019-07-17T11:07:11","date_gmt":"2019-07-17T09:07:11","guid":{"rendered":"http:\/\/evoluscience.fr\/?page_id=15"},"modified":"2026-03-23T18:52:49","modified_gmt":"2026-03-23T17:52:49","slug":"5-corps-et-sante","status":"publish","type":"page","link":"https:\/\/www.evoluscience.fr\/index.php\/cycle-4\/cinquieme\/5-corps-et-sante\/","title":{"rendered":"5 &#8211; Corps &#038; Sant\u00e9"},"content":{"rendered":"<div id=\"modal-ready\">\n<div style=\"height:110px\" aria-hidden=\"true\" class=\"wp-block-spacer\"><\/div>\n\n\n<\/p>\n<h1 style=\"text-align: center;\"><span style=\"color: #363aa8;\"><strong><img loading=\"lazy\" decoding=\"async\" class=\"wp-image-246 alignnone\" src=\"https:\/\/evoluscience.fr\/wp-content\/uploads\/2019\/09\/caducee_vert.jpg\" alt=\"\" width=\"249\" height=\"249\" srcset=\"https:\/\/www.evoluscience.fr\/wp-content\/uploads\/2019\/09\/caducee_vert.jpg 600w, https:\/\/www.evoluscience.fr\/wp-content\/uploads\/2019\/09\/caducee_vert-150x150.jpg 150w, https:\/\/www.evoluscience.fr\/wp-content\/uploads\/2019\/09\/caducee_vert-300x300.jpg 300w, https:\/\/www.evoluscience.fr\/wp-content\/uploads\/2019\/09\/caducee_vert-520x520.jpg 520w\" sizes=\"auto, (max-width: 249px) 100vw, 249px\" \/>&nbsp; &nbsp; &nbsp; &nbsp; &nbsp; &nbsp;<span style=\"color: #008000;\">Corps &amp; Sant\u00e9<\/span><\/strong><\/span><\/h1>\n<hr>\n\n\n<div style=\"height:75px\" aria-hidden=\"true\" class=\"wp-block-spacer\"><\/div>\n\n\n\n<p class=\"has-drop-cap\"><em>Nicolas s\u2019est inscrit en club de\nfoot et No\u00e9mie fait de la danse. Ils ont parfois des moments de fatigues et ils\nvoudraient y rem\u00e9dier&nbsp;:<\/em><\/p>\n\n\n\n<figure class=\"wp-block-video\"><video height=\"360\" style=\"aspect-ratio: 640 \/ 360;\" width=\"640\" controls src=\"https:\/\/evoluscience.fr\/wp-content\/uploads\/2019\/09\/5-PC-Chp1AcT1.mov\"><\/video><\/figure>\n\n\n\n<p class=\"has-vivid-green-cyan-color has-text-color\">Que se passe-t-il en moi me permettant de\nr\u00e9aliser les activit\u00e9s que j\u2019aime&nbsp;?<\/p>\n\n\n\n<div style=\"height:100px\" aria-hidden=\"true\" class=\"wp-block-spacer\"><\/div>\n\n\n\n<ul class=\"wp-block-list\">\n<li> <a href=\"https:\/\/evoluscience.fr\/index.php\/chapitre-1-activite-musculaire-et-besoin-en-energie\/\">Chapitre 1 &#8211; Activit\u00e9 musculaire et besoin en \u00e9nergie <\/a><\/li>\n\n\n\n<li> <a href=\"https:\/\/evoluscience.fr\/index.php\/cycle-4\/cinquieme\/chapitre-2-prelevement-du-dioxygene-de-lair\/\">Chapitre 2 &#8211; Pr\u00e9l\u00e8vement du dioxyg\u00e8ne de l&rsquo;air<\/a><\/li>\n\n\n\n<li> <a href=\"https:\/\/evoluscience.fr\/index.php\/cycle-4\/cinquieme\/chapitre-3-le-fonctionnement-de-lappareil-digestif\/\">Chapitre 3 &#8211; Le fonctionnement de l&rsquo;appareil digestif <\/a><\/li>\n\n\n\n<li> <a href=\"https:\/\/evoluscience.fr\/index.php\/cycle-4\/cinquieme\/chapitre-4-la-circulation-sanguine-dans-lorganisme\/\">Chapitre 4 &#8211; La circulation sanguine dans l&rsquo;organisme<\/a><\/li>\n\n\n\n<li> <a href=\"https:\/\/evoluscience.fr\/index.php\/cycle-4\/cinquieme\/chapitre-5-la-communication-permettant-le-mouvement\/\">Chapitre 5 &#8211; La communication permettant le mouvement<\/a><\/li>\n\n\n\n<li> <a href=\"https:\/\/evoluscience.fr\/index.php\/cycle-4\/cinquieme\/chapitre-6-les-changements-au-sein-de-lorganisme\/\">Chapitre 6 &#8211; Les changements au sein de l&rsquo;organisme<\/a> <\/li>\n<\/ul>\n\n\n\n<div style=\"height:100px\" aria-hidden=\"true\" class=\"wp-block-spacer\"><\/div>\n\n\n\n<p>Acc\u00e8s aux cours de SVT<\/p>\n<\/div>","protected":false},"excerpt":{"rendered":"<p>&nbsp; &nbsp; &nbsp; &nbsp; &nbsp; &nbsp;Corps &amp; Sant\u00e9 Nicolas s\u2019est inscrit en club de foot et No\u00e9mie fait de la danse. Ils ont parfois des moments de fatigues et ils voudraient y rem\u00e9dier&nbsp;: Que se<a class=\"read-more\" href=\"https:\/\/www.evoluscience.fr\/index.php\/cycle-4\/cinquieme\/5-corps-et-sante\/\">Continue reading<\/a><\/p>\n","protected":false},"author":1,"featured_media":0,"parent":1333,"menu_order":2,"comment_status":"closed","ping_status":"closed","template":"","meta":{"om_disable_all_campaigns":false,"_monsterinsights_skip_tracking":false,"_monsterinsights_sitenote_active":false,"_monsterinsights_sitenote_note":"","_monsterinsights_sitenote_category":0,"_themeisle_gutenberg_block_has_review":false,"footnotes":""},"c2tw_page_folder":[],"class_list":["post-15","page","type-page","status-publish","hentry"],"aioseo_notices":[],"_links":{"self":[{"href":"https:\/\/www.evoluscience.fr\/index.php\/wp-json\/wp\/v2\/pages\/15","targetHints":{"allow":["GET"]}}],"collection":[{"href":"https:\/\/www.evoluscience.fr\/index.php\/wp-json\/wp\/v2\/pages"}],"about":[{"href":"https:\/\/www.evoluscience.fr\/index.php\/wp-json\/wp\/v2\/types\/page"}],"author":[{"embeddable":true,"href":"https:\/\/www.evoluscience.fr\/index.php\/wp-json\/wp\/v2\/users\/1"}],"replies":[{"embeddable":true,"href":"https:\/\/www.evoluscience.fr\/index.php\/wp-json\/wp\/v2\/comments?post=15"}],"version-history":[{"count":0,"href":"https:\/\/www.evoluscience.fr\/index.php\/wp-json\/wp\/v2\/pages\/15\/revisions"}],"up":[{"embeddable":true,"href":"https:\/\/www.evoluscience.fr\/index.php\/wp-json\/wp\/v2\/pages\/1333"}],"wp:attachment":[{"href":"https:\/\/www.evoluscience.fr\/index.php\/wp-json\/wp\/v2\/media?parent=15"}],"wp:term":[{"taxonomy":"c2tw_page_folder","embeddable":true,"href":"https:\/\/www.evoluscience.fr\/index.php\/wp-json\/wp\/v2\/c2tw_page_folder?post=15"}],"curies":[{"name":"wp","href":"https:\/\/api.w.org\/{rel}","templated":true}]}}