{"id":14816,"date":"2026-04-29T20:29:11","date_gmt":"2026-04-29T18:29:11","guid":{"rendered":"https:\/\/www.evoluscience.fr\/?page_id=14816"},"modified":"2026-04-29T20:29:40","modified_gmt":"2026-04-29T18:29:40","slug":"conclusion","status":"publish","type":"page","link":"https:\/\/www.evoluscience.fr\/index.php\/sixieme\/partie-3\/chapitre-3-lhomme-et-les-consequences-de-ses-actions-sur-lenvironnement\/activite-1\/conclusion\/","title":{"rendered":"Conclusion"},"content":{"rendered":"\n<p class=\"has-drop-cap has-vivid-red-color has-text-color has-link-color wp-elements-ffca6dad595bf530e17c1e72c7be6981\">Le d\u00e9veloppement durable est un mode de d\u00e9veloppement qui r\u00e9pond aux besoins des g\u00e9n\u00e9rations pr\u00e9sentes sans compromettre la capacit\u00e9 des g\u00e9n\u00e9rations futures de r\u00e9pondre aux leurs. <em>\u00a0<\/em> Pour pr\u00e9server les ressources de la Terre, on exploite de plus en plus celles renouvelables.<\/p>\n\n\n\n<p><\/p>\n\n\n\n<figure class=\"wp-block-video\"><video height=\"1080\" style=\"aspect-ratio: 1920 \/ 1080;\" width=\"1920\" controls src=\"https:\/\/www.evoluscience.fr\/wp-content\/uploads\/2026\/04\/Les-sources-denergie-renouvelables-et-non-renouvelables.mp4\"><\/video><\/figure>\n\n\n\n<p class=\"has-small-font-size\">Source : <a href=\"https:\/\/www.youtube.com\/watch?v=9-UD4H3NlMg\">https:\/\/www.youtube.com\/watch?v=9-UD4H3NlMg<\/a><\/p>\n","protected":false},"excerpt":{"rendered":"<p>Le d\u00e9veloppement durable est un mode de d\u00e9veloppement qui r\u00e9pond aux besoins des g\u00e9n\u00e9rations pr\u00e9sentes sans compromettre la capacit\u00e9 des g\u00e9n\u00e9rations futures de r\u00e9pondre aux leurs. \u00a0 Pour pr\u00e9server les ressources de la Terre, on<a class=\"read-more\" href=\"https:\/\/www.evoluscience.fr\/index.php\/sixieme\/partie-3\/chapitre-3-lhomme-et-les-consequences-de-ses-actions-sur-lenvironnement\/activite-1\/conclusion\/\">Continue reading<\/a><\/p>\n","protected":false},"author":1,"featured_media":0,"parent":14808,"menu_order":1,"comment_status":"closed","ping_status":"closed","template":"","meta":{"_monsterinsights_skip_tracking":false,"_monsterinsights_sitenote_active":false,"_monsterinsights_sitenote_note":"","_monsterinsights_sitenote_category":0,"_themeisle_gutenberg_block_has_review":false,"footnotes":""},"class_list":["post-14816","page","type-page","status-publish","hentry"],"_links":{"self":[{"href":"https:\/\/www.evoluscience.fr\/index.php\/wp-json\/wp\/v2\/pages\/14816","targetHints":{"allow":["GET"]}}],"collection":[{"href":"https:\/\/www.evoluscience.fr\/index.php\/wp-json\/wp\/v2\/pages"}],"about":[{"href":"https:\/\/www.evoluscience.fr\/index.php\/wp-json\/wp\/v2\/types\/page"}],"author":[{"embeddable":true,"href":"https:\/\/www.evoluscience.fr\/index.php\/wp-json\/wp\/v2\/users\/1"}],"replies":[{"embeddable":true,"href":"https:\/\/www.evoluscience.fr\/index.php\/wp-json\/wp\/v2\/comments?post=14816"}],"version-history":[{"count":0,"href":"https:\/\/www.evoluscience.fr\/index.php\/wp-json\/wp\/v2\/pages\/14816\/revisions"}],"up":[{"embeddable":true,"href":"https:\/\/www.evoluscience.fr\/index.php\/wp-json\/wp\/v2\/pages\/14808"}],"wp:attachment":[{"href":"https:\/\/www.evoluscience.fr\/index.php\/wp-json\/wp\/v2\/media?parent=14816"}],"curies":[{"name":"wp","href":"https:\/\/api.w.org\/{rel}","templated":true}]}}