{"id":14808,"date":"2026-04-29T20:25:55","date_gmt":"2026-04-29T18:25:55","guid":{"rendered":"https:\/\/www.evoluscience.fr\/?page_id=14808"},"modified":"2026-05-15T18:41:32","modified_gmt":"2026-05-15T16:41:32","slug":"activite-1","status":"publish","type":"page","link":"https:\/\/www.evoluscience.fr\/index.php\/sixieme\/partie-3\/chapitre-3-lhomme-et-les-consequences-de-ses-actions-sur-lenvironnement\/activite-1\/","title":{"rendered":"Activit\u00e9 1"},"content":{"rendered":"\n<p><em>Le Jour du d\u00e9passement de la Terre tombe cette ann\u00e9e le 24 juillet 2025. Vendredi&nbsp;24&nbsp;avril, la France conna\u00eet son \u00ab\u00a0jour du d\u00e9passement\u00a0\u00bb et vit donc&nbsp;\u00ab\u00a0\u00e0 cr\u00e9dit \u00e9cologique\u00a0\u00bb&nbsp;pour le reste de l&rsquo;ann\u00e9e 2026.<\/em><\/p>\n\n\n<div class=\"wp-block-image\">\n<figure class=\"aligncenter size-full is-resized\"><img loading=\"lazy\" decoding=\"async\" width=\"800\" height=\"585\" src=\"https:\/\/www.evoluscience.fr\/wp-content\/uploads\/2026\/04\/image-13.png\" alt=\"\" class=\"wp-image-14810\" style=\"width:664px;height:auto\" srcset=\"https:\/\/www.evoluscience.fr\/wp-content\/uploads\/2026\/04\/image-13.png 800w, https:\/\/www.evoluscience.fr\/wp-content\/uploads\/2026\/04\/image-13-300x219.png 300w, https:\/\/www.evoluscience.fr\/wp-content\/uploads\/2026\/04\/image-13-768x562.png 768w, https:\/\/www.evoluscience.fr\/wp-content\/uploads\/2026\/04\/image-13-520x380.png 520w, https:\/\/www.evoluscience.fr\/wp-content\/uploads\/2026\/04\/image-13-740x541.png 740w\" sizes=\"auto, (max-width: 800px) 100vw, 800px\" \/><\/figure>\n<\/div>\n\n\n<div style=\"height:100px\" aria-hidden=\"true\" class=\"wp-block-spacer\"><\/div>\n\n\n\n<p class=\"has-vivid-green-cyan-color has-text-color has-link-color wp-elements-7907f285d72ac94c102848e77dc55514\">Comment l\u2019Homme exploite-t-il les ressources sur Terre&nbsp;?<\/p>\n\n\n\n<div style=\"height:20px\" aria-hidden=\"true\" class=\"wp-block-spacer\"><\/div>\n\n\n\n<p class=\"has-background\" style=\"background-color:#ffc194\">Activit\u00e9 1&nbsp;: L&rsquo;importance d&rsquo;une exploitation raisonn\u00e9e des ressources<\/p>\n\n\n\n<div style=\"height:41px\" aria-hidden=\"true\" class=\"wp-block-spacer\"><\/div>\n\n\n\n<p><em>Comp\u00e9tences travaill\u00e9es&nbsp;: <\/em><\/p>\n\n\n\n<ul class=\"wp-block-list\">\n<li><em>Utiliser des mots-cl\u00e9s pour r\u00e9aliser une recherche sur internet <\/em><\/li>\n\n\n\n<li><em>D\u00e9velopper l\u2019esprit critique <\/em><\/li>\n\n\n\n<li><em>Se sensibiliser \u00e0 l\u2019action sur l\u2019environnement<\/em><\/li>\n<\/ul>\n\n\n\n<div style=\"height:100px\" aria-hidden=\"true\" class=\"wp-block-spacer\"><\/div>\n\n\n\n<p><\/p>\n\n\n\n<ol class=\"wp-block-list\">\n<li>Chercher les cons\u00e9quences d\u2019une surexploitation de la Terre.<\/li>\n<\/ol>\n\n\n\n<div style=\"height:100px\" aria-hidden=\"true\" class=\"wp-block-spacer\"><\/div>\n\n\n\n<p>Pour changer de dynamique et pr\u00e9server notre environnement, une r\u00e9flexion a \u00e9t\u00e9 port\u00e9e pour mettre en place un d\u00e9veloppement durable.<\/p>\n\n\n\n<figure class=\"wp-block-video\"><video height=\"720\" style=\"aspect-ratio: 1280 \/ 720;\" width=\"1280\" controls poster=\"https:\/\/www.evoluscience.fr\/wp-content\/uploads\/2025\/02\/Deux-minutes-pour-comprendre-le-developpement-durable-mp4-image.png\" src=\"https:\/\/www.evoluscience.fr\/wp-content\/uploads\/2025\/02\/Deux-minutes-pour-comprendre-le-developpement-durable.mp4\"><\/video><\/figure>\n\n\n\n<p class=\"has-small-font-size\">Source : <a href=\"https:\/\/www.youtube.com\/watch?v=VAPfpaTwp_A\">https:\/\/www.youtube.com\/watch?v=VAPfpaTwp_A<\/a><\/p>\n\n\n\n<p><br><em>Le d\u00e9veloppement durable est un mode de d\u00e9veloppement qui r\u00e9pond aux besoins des g\u00e9n\u00e9rations pr\u00e9sentes sans compromettre la capacit\u00e9 des g\u00e9n\u00e9rations futures de r\u00e9pondre aux leurs.&nbsp;<\/em><\/p>\n\n\n<div class=\"wp-block-image\">\n<figure class=\"aligncenter size-full is-resized\"><img loading=\"lazy\" decoding=\"async\" width=\"296\" height=\"280\" src=\"https:\/\/www.evoluscience.fr\/wp-content\/uploads\/2026\/04\/image-14.png\" alt=\"\" class=\"wp-image-14812\" style=\"aspect-ratio:1.057205045205938;width:390px;height:auto\"\/><\/figure>\n<\/div>\n\n\n<div style=\"height:100px\" aria-hidden=\"true\" class=\"wp-block-spacer\"><\/div>\n\n\n\n<p>Pour pr\u00e9server les ressources de la Terre, les pays cherchent de plus en plus \u00e0 d\u00e9velopper les ressources renouvelables. &nbsp; <\/p>\n\n\n\n<p>2. Chercher la d\u00e9finition de ressources renouvelables. &nbsp; <\/p>\n\n\n\n<div style=\"height:65px\" aria-hidden=\"true\" class=\"wp-block-spacer\"><\/div>\n\n\n\n<p>3. A partir de recherche par bin\u00f4me sur les ressources suivantes, indiquer dans un tableau si la ressource est renouvelable ou non et comment elle est utilis\u00e9e. <\/p>\n\n\n\n<p>Trouver aussi une image pour expliquer rapidement aux camarades si besoin.<\/p>\n\n\n\n<figure class=\"wp-block-table\"><table class=\"has-fixed-layout\"><tbody><tr><td>Ressources renouvelables<\/td><td>Ressources non renouvelables<\/td><\/tr><tr><td><\/td><td><\/td><\/tr><\/tbody><\/table><\/figure>\n\n\n\n<p>Liste des ressources exploit\u00e9es par l&rsquo;Homme (dont pouvant permettre la cr\u00e9ation d&rsquo;\u00e9nergie) :<\/p>\n\n\n\n<ul class=\"wp-block-list\">\n<li>\u00e9nergie \u00e9olienne<\/li>\n\n\n\n<li>barrage hydraulique<\/li>\n\n\n\n<li>p\u00e9trole<\/li>\n\n\n\n<li>ressource halieutique<\/li>\n\n\n\n<li>gaz<\/li>\n\n\n\n<li>centrale nucl\u00e9aire<\/li>\n\n\n\n<li>charbon<\/li>\n\n\n\n<li>biomasse<\/li>\n<\/ul>\n\n\n\n<p><\/p>\n\n\n\n<p><\/p>\n\n\n\n<div style=\"height:100px\" aria-hidden=\"true\" class=\"wp-block-spacer\"><\/div>\n\n\n<div class=\"wp-block-image\">\n<figure class=\"aligncenter size-full is-resized\"><a href=\"https:\/\/www.evoluscience.fr\/index.php\/sixieme\/partie-3\/chapitre-3-lhomme-et-les-consequences-de-ses-actions-sur-lenvironnement\/activite-1\/conclusion\/\" target=\"_blank\" rel=\" noreferrer noopener\"><img loading=\"lazy\" decoding=\"async\" width=\"538\" height=\"538\" src=\"https:\/\/www.evoluscience.fr\/wp-content\/uploads\/2019\/09\/conclusion.png\" alt=\"\" class=\"wp-image-370\" style=\"width:402px;height:auto\" srcset=\"https:\/\/www.evoluscience.fr\/wp-content\/uploads\/2019\/09\/conclusion.png 538w, https:\/\/www.evoluscience.fr\/wp-content\/uploads\/2019\/09\/conclusion-150x150.png 150w, https:\/\/www.evoluscience.fr\/wp-content\/uploads\/2019\/09\/conclusion-300x300.png 300w, https:\/\/www.evoluscience.fr\/wp-content\/uploads\/2019\/09\/conclusion-520x520.png 520w\" sizes=\"auto, (max-width: 538px) 100vw, 538px\" \/><\/a><\/figure>\n<\/div>\n\n<div class=\"wp-block-image\">\n<figure class=\"aligncenter size-full is-resized\"><a href=\"https:\/\/www.evoluscience.fr\/wp-content\/uploads\/2026\/05\/6-P3-Chp3Act1-FC.pdf\" target=\"_blank\" rel=\" noreferrer noopener\"><img loading=\"lazy\" decoding=\"async\" width=\"735\" height=\"735\" src=\"https:\/\/www.evoluscience.fr\/wp-content\/uploads\/2020\/03\/pjiece_jointe-1.png\" alt=\"\" class=\"wp-image-4366\" style=\"width:405px;height:auto\" srcset=\"https:\/\/www.evoluscience.fr\/wp-content\/uploads\/2020\/03\/pjiece_jointe-1.png 735w, https:\/\/www.evoluscience.fr\/wp-content\/uploads\/2020\/03\/pjiece_jointe-1-300x300.png 300w, https:\/\/www.evoluscience.fr\/wp-content\/uploads\/2020\/03\/pjiece_jointe-1-150x150.png 150w, https:\/\/www.evoluscience.fr\/wp-content\/uploads\/2020\/03\/pjiece_jointe-1-520x520.png 520w\" sizes=\"auto, (max-width: 735px) 100vw, 735px\" \/><\/a><\/figure>\n<\/div>","protected":false},"excerpt":{"rendered":"<p>Le Jour du d\u00e9passement de la Terre tombe cette ann\u00e9e le 24 juillet 2025. Vendredi&nbsp;24&nbsp;avril, la France conna\u00eet son \u00ab\u00a0jour du d\u00e9passement\u00a0\u00bb et vit donc&nbsp;\u00ab\u00a0\u00e0 cr\u00e9dit \u00e9cologique\u00a0\u00bb&nbsp;pour le reste de l&rsquo;ann\u00e9e 2026. Comment l\u2019Homme exploite-t-il<a class=\"read-more\" href=\"https:\/\/www.evoluscience.fr\/index.php\/sixieme\/partie-3\/chapitre-3-lhomme-et-les-consequences-de-ses-actions-sur-lenvironnement\/activite-1\/\">Continue reading<\/a><\/p>\n","protected":false},"author":1,"featured_media":0,"parent":14804,"menu_order":1,"comment_status":"closed","ping_status":"closed","template":"","meta":{"_monsterinsights_skip_tracking":false,"_monsterinsights_sitenote_active":false,"_monsterinsights_sitenote_note":"","_monsterinsights_sitenote_category":0,"_themeisle_gutenberg_block_has_review":false,"footnotes":""},"class_list":["post-14808","page","type-page","status-publish","hentry"],"_links":{"self":[{"href":"https:\/\/www.evoluscience.fr\/index.php\/wp-json\/wp\/v2\/pages\/14808","targetHints":{"allow":["GET"]}}],"collection":[{"href":"https:\/\/www.evoluscience.fr\/index.php\/wp-json\/wp\/v2\/pages"}],"about":[{"href":"https:\/\/www.evoluscience.fr\/index.php\/wp-json\/wp\/v2\/types\/page"}],"author":[{"embeddable":true,"href":"https:\/\/www.evoluscience.fr\/index.php\/wp-json\/wp\/v2\/users\/1"}],"replies":[{"embeddable":true,"href":"https:\/\/www.evoluscience.fr\/index.php\/wp-json\/wp\/v2\/comments?post=14808"}],"version-history":[{"count":0,"href":"https:\/\/www.evoluscience.fr\/index.php\/wp-json\/wp\/v2\/pages\/14808\/revisions"}],"up":[{"embeddable":true,"href":"https:\/\/www.evoluscience.fr\/index.php\/wp-json\/wp\/v2\/pages\/14804"}],"wp:attachment":[{"href":"https:\/\/www.evoluscience.fr\/index.php\/wp-json\/wp\/v2\/media?parent=14808"}],"curies":[{"name":"wp","href":"https:\/\/api.w.org\/{rel}","templated":true}]}}