{"id":13932,"date":"2026-04-22T19:58:57","date_gmt":"2026-04-22T17:58:57","guid":{"rendered":"https:\/\/www.evoluscience.fr\/?page_id=13932"},"modified":"2026-04-27T14:17:34","modified_gmt":"2026-04-27T12:17:34","slug":"chapitre-2","status":"publish","type":"page","link":"https:\/\/www.evoluscience.fr\/index.php\/sixieme\/partie-3\/chapitre-2\/","title":{"rendered":"Chapitre 2"},"content":{"rendered":"\n<p><strong>Chapitre 2 \u2013 L\u2019Homme et la reproduction<\/strong><\/p>\n\n\n\n<p><em>Des hommes et des femmes peuvent partir en exp\u00e9dition pendant des mois. Actuellement, il est interdit pour les spationautes d\u2019\u00eatre enceintes lors d\u2019un vol spatial (risques par rapport aux radiations subies).<\/em><\/p>\n\n\n\n<p><em>Sur le long terme, cela pourrait changer car les technologies \u00e9voluent et l\u2019objectif final est la conqu\u00eate spatiale.<\/em><\/p>\n\n\n\n<p class=\"has-vivid-green-cyan-color has-text-color has-link-color wp-elements-39e48a8a47442826ce7f6e4cacf6b5e6\">Comment l\u2019Homme arrive-t-il \u00e0 concevoir des enfants ?<\/p>\n\n\n\n<div style=\"height:100px\" aria-hidden=\"true\" class=\"wp-block-spacer\"><\/div>\n\n\n\n<p><a href=\"https:\/\/www.evoluscience.fr\/index.php\/sixieme\/partie-3\/chapitre-2\/activite-1\/\" target=\"_blank\" rel=\"noopener\" title=\"\">Activit\u00e9 1&nbsp;: Les principaux organes de l\u2019appareil reproducteur<\/a><\/p>\n\n\n\n<p><a href=\"https:\/\/www.evoluscience.fr\/index.php\/sixieme\/partie-3\/chapitre-2\/activite-2\/\" target=\"_blank\" rel=\"noopener\" title=\"\">Activit\u00e9 2&nbsp;: Les modifications au cours de la pubert\u00e9<\/a><\/p>\n\n\n\n<p><a href=\"https:\/\/www.evoluscience.fr\/index.php\/sixieme\/partie-3\/chapitre-2\/activite-3\/\" target=\"_blank\" rel=\"noreferrer noopener\">Activit\u00e9 3&nbsp;: La libert\u00e9 et le respect dans un groupe<\/a><\/p>\n\n\n\n<p><a href=\"https:\/\/www.evoluscience.fr\/index.php\/sixieme\/partie-3\/chapitre-2\/activite-4\/\" target=\"_blank\" rel=\"noreferrer noopener\">Activit\u00e9 \u00a04: Les \u00e9tapes de la f\u00e9condation interne et du d\u00e9veloppement vivipare<\/a><\/p>\n\n\n\n<p><a href=\"https:\/\/www.evoluscience.fr\/index.php\/sixieme\/partie-3\/chapitre-2\/activite-5\/\" target=\"_blank\" rel=\"noreferrer noopener\">Activit\u00e9 5\u00a0: L\u2019observation microscopique de spermatozo\u00efdes et d\u2019ovules<\/a><\/p>\n\n\n\n<p><a href=\"https:\/\/www.evoluscience.fr\/index.php\/sixieme\/partie-3\/chapitre-2\/exercices-dapprofondissement\/\" target=\"_blank\" rel=\"noreferrer noopener\">Exercices d\u2019approfondissement<\/a><\/p>\n","protected":false},"excerpt":{"rendered":"<p>Chapitre 2 \u2013 L\u2019Homme et la reproduction Des hommes et des femmes peuvent partir en exp\u00e9dition pendant des mois. Actuellement, il est interdit pour les spationautes d\u2019\u00eatre enceintes lors d\u2019un vol spatial (risques par rapport<a class=\"read-more\" href=\"https:\/\/www.evoluscience.fr\/index.php\/sixieme\/partie-3\/chapitre-2\/\">Continue reading<\/a><\/p>\n","protected":false},"author":1,"featured_media":0,"parent":13645,"menu_order":2,"comment_status":"closed","ping_status":"closed","template":"","meta":{"_monsterinsights_skip_tracking":false,"_monsterinsights_sitenote_active":false,"_monsterinsights_sitenote_note":"","_monsterinsights_sitenote_category":0,"_themeisle_gutenberg_block_has_review":false,"footnotes":""},"c2tw_page_folder":[],"class_list":["post-13932","page","type-page","status-publish","hentry"],"_links":{"self":[{"href":"https:\/\/www.evoluscience.fr\/index.php\/wp-json\/wp\/v2\/pages\/13932","targetHints":{"allow":["GET"]}}],"collection":[{"href":"https:\/\/www.evoluscience.fr\/index.php\/wp-json\/wp\/v2\/pages"}],"about":[{"href":"https:\/\/www.evoluscience.fr\/index.php\/wp-json\/wp\/v2\/types\/page"}],"author":[{"embeddable":true,"href":"https:\/\/www.evoluscience.fr\/index.php\/wp-json\/wp\/v2\/users\/1"}],"replies":[{"embeddable":true,"href":"https:\/\/www.evoluscience.fr\/index.php\/wp-json\/wp\/v2\/comments?post=13932"}],"version-history":[{"count":0,"href":"https:\/\/www.evoluscience.fr\/index.php\/wp-json\/wp\/v2\/pages\/13932\/revisions"}],"up":[{"embeddable":true,"href":"https:\/\/www.evoluscience.fr\/index.php\/wp-json\/wp\/v2\/pages\/13645"}],"wp:attachment":[{"href":"https:\/\/www.evoluscience.fr\/index.php\/wp-json\/wp\/v2\/media?parent=13932"}],"wp:term":[{"taxonomy":"c2tw_page_folder","embeddable":true,"href":"https:\/\/www.evoluscience.fr\/index.php\/wp-json\/wp\/v2\/c2tw_page_folder?post=13932"}],"curies":[{"name":"wp","href":"https:\/\/api.w.org\/{rel}","templated":true}]}}