{"id":13415,"date":"2026-03-09T10:15:31","date_gmt":"2026-03-09T09:15:31","guid":{"rendered":"https:\/\/www.evoluscience.fr\/?page_id=13415"},"modified":"2026-03-11T17:18:10","modified_gmt":"2026-03-11T16:18:10","slug":"chapitre-3-masse-et-volume","status":"publish","type":"page","link":"https:\/\/www.evoluscience.fr\/index.php\/sixieme\/partie-2\/chapitre-3-masse-et-volume\/","title":{"rendered":"Chapitre 3 &#8211; La masse et le volume"},"content":{"rendered":"\n<p><em>Avant de partir, les spationautes veulent manger des cr\u00eapes.<\/em><\/p>\n\n\n\n<p><em>En suivant la recette, ils se mettent \u00e0 faire des comparaisons avec leur quotidien.<\/em><\/p>\n\n\n\n<p><em>La recette ressemble \u00e0 un protocole et ils manipulent aussi des notions de masses et de volumes.<\/em><\/p>\n\n\n<div class=\"wp-block-image\">\n<figure class=\"aligncenter size-full is-resized\"><img loading=\"lazy\" decoding=\"async\" width=\"741\" height=\"1024\" src=\"https:\/\/www.evoluscience.fr\/wp-content\/uploads\/2026\/03\/image-7.png\" alt=\"\" class=\"wp-image-13416\" style=\"aspect-ratio:0.7236285954070344;width:549px;height:auto\" srcset=\"https:\/\/www.evoluscience.fr\/wp-content\/uploads\/2026\/03\/image-7.png 741w, https:\/\/www.evoluscience.fr\/wp-content\/uploads\/2026\/03\/image-7-217x300.png 217w, https:\/\/www.evoluscience.fr\/wp-content\/uploads\/2026\/03\/image-7-520x719.png 520w\" sizes=\"auto, (max-width: 741px) 100vw, 741px\" \/><\/figure>\n<\/div>\n\n\n<p class=\"has-vivid-green-cyan-color has-text-color has-link-color wp-elements-212ea792a9800c8197422d69321e803a\">Comment les scientifiques mesurent-ils les objets&nbsp;?<\/p>\n\n\n\n<div style=\"height:100px\" aria-hidden=\"true\" class=\"wp-block-spacer\"><\/div>\n\n\n\n<p><a href=\"https:\/\/www.evoluscience.fr\/index.php\/sixieme\/partie-2\/chapitre-3-masse-et-volume\/activite-1\/\" target=\"_blank\" rel=\"noopener\" title=\"\">Activit\u00e9 1 : Mesurer la masse d&rsquo;un objet<\/a><\/p>\n\n\n\n<p><a href=\"https:\/\/www.evoluscience.fr\/index.php\/sixieme\/partie-2\/chapitre-3-masse-et-volume\/activite-2\/\" target=\"_blank\" rel=\"noopener\" title=\"\">Activit\u00e9 2 : Mesurer le volume d&rsquo;un objet<\/a><\/p>\n\n\n\n<p><a href=\"https:\/\/www.evoluscience.fr\/index.php\/sixieme\/partie-2\/chapitre-3-masse-et-volume\/activite-3\/\" target=\"_blank\" rel=\"noopener\" title=\"\">Activit\u00e9 3 : Comparer la masse et le volume<\/a><\/p>\n\n\n\n<p><a href=\"https:\/\/www.evoluscience.fr\/index.php\/sixieme\/partie-2\/chapitre-3-masse-et-volume\/activite-4\/\" target=\"_blank\" rel=\"noopener\" title=\"\">Activit\u00e9 4\u00a0: R\u00e9aliser un graphique repr\u00e9sentant le volume en fonction de la masse<\/a><\/p>\n\n\n\n<p><\/p>\n","protected":false},"excerpt":{"rendered":"<p>Avant de partir, les spationautes veulent manger des cr\u00eapes. En suivant la recette, ils se mettent \u00e0 faire des comparaisons avec leur quotidien. La recette ressemble \u00e0 un protocole et ils manipulent aussi des notions<a class=\"read-more\" href=\"https:\/\/www.evoluscience.fr\/index.php\/sixieme\/partie-2\/chapitre-3-masse-et-volume\/\">Continue reading<\/a><\/p>\n","protected":false},"author":1,"featured_media":0,"parent":13030,"menu_order":3,"comment_status":"closed","ping_status":"closed","template":"","meta":{"_monsterinsights_skip_tracking":false,"_monsterinsights_sitenote_active":false,"_monsterinsights_sitenote_note":"","_monsterinsights_sitenote_category":0,"_themeisle_gutenberg_block_has_review":false,"footnotes":""},"class_list":["post-13415","page","type-page","status-publish","hentry"],"_links":{"self":[{"href":"https:\/\/www.evoluscience.fr\/index.php\/wp-json\/wp\/v2\/pages\/13415","targetHints":{"allow":["GET"]}}],"collection":[{"href":"https:\/\/www.evoluscience.fr\/index.php\/wp-json\/wp\/v2\/pages"}],"about":[{"href":"https:\/\/www.evoluscience.fr\/index.php\/wp-json\/wp\/v2\/types\/page"}],"author":[{"embeddable":true,"href":"https:\/\/www.evoluscience.fr\/index.php\/wp-json\/wp\/v2\/users\/1"}],"replies":[{"embeddable":true,"href":"https:\/\/www.evoluscience.fr\/index.php\/wp-json\/wp\/v2\/comments?post=13415"}],"version-history":[{"count":0,"href":"https:\/\/www.evoluscience.fr\/index.php\/wp-json\/wp\/v2\/pages\/13415\/revisions"}],"up":[{"embeddable":true,"href":"https:\/\/www.evoluscience.fr\/index.php\/wp-json\/wp\/v2\/pages\/13030"}],"wp:attachment":[{"href":"https:\/\/www.evoluscience.fr\/index.php\/wp-json\/wp\/v2\/media?parent=13415"}],"curies":[{"name":"wp","href":"https:\/\/api.w.org\/{rel}","templated":true}]}}