{"id":13030,"date":"2025-12-07T15:07:51","date_gmt":"2025-12-07T14:07:51","guid":{"rendered":"https:\/\/www.evoluscience.fr\/?page_id=13030"},"modified":"2026-03-09T10:18:12","modified_gmt":"2026-03-09T09:18:12","slug":"partie-2","status":"publish","type":"page","link":"https:\/\/www.evoluscience.fr\/index.php\/sixieme\/partie-2\/","title":{"rendered":"Partie 2"},"content":{"rendered":"\n<div class=\"wp-block-media-text is-stacked-on-mobile\"><figure class=\"wp-block-media-text__media\"><img loading=\"lazy\" decoding=\"async\" width=\"600\" height=\"600\" src=\"https:\/\/www.evoluscience.fr\/wp-content\/uploads\/2025\/12\/6-solaire.jpg\" alt=\"\" class=\"wp-image-13031 size-full\" srcset=\"https:\/\/www.evoluscience.fr\/wp-content\/uploads\/2025\/12\/6-solaire.jpg 600w, https:\/\/www.evoluscience.fr\/wp-content\/uploads\/2025\/12\/6-solaire-300x300.jpg 300w, https:\/\/www.evoluscience.fr\/wp-content\/uploads\/2025\/12\/6-solaire-150x150.jpg 150w, https:\/\/www.evoluscience.fr\/wp-content\/uploads\/2025\/12\/6-solaire-520x520.jpg 520w\" sizes=\"auto, (max-width: 600px) 100vw, 600px\" \/><\/figure><div class=\"wp-block-media-text__content\">\n<p class=\"has-large-font-size\">Partie 2 : La formation des spationautes pour une exp\u00e9dition spatiale<\/p>\n<\/div><\/div>\n\n\n\n<p>L&rsquo;Espace a toujours intrigu\u00e9 l&rsquo;Homme. Il s&rsquo;est toujours interrog\u00e9 concernant la vie dans l&rsquo;Univers. Des hommes sont envoy\u00e9s dans l&rsquo;Espace notamment l&rsquo;ISS :  ce sont des spationautes.<\/p>\n\n\n\n<p>Ils suivent une formation rigoureuse.<\/p>\n\n\n\n<p class=\"has-vivid-green-cyan-color has-text-color has-link-color wp-elements-308f00e46180a27dd2f6f391f35e9666\">Quelles sont les informations minimales n\u00e9cessaires avant de partir pour une exp\u00e9dition spatiale&nbsp;?<\/p>\n\n\n\n<div style=\"height:100px\" aria-hidden=\"true\" class=\"wp-block-spacer\"><\/div>\n\n\n\n<p><a href=\"https:\/\/www.evoluscience.fr\/index.php\/sixieme\/partie-2\/chapitre-1-la-terre-particularite-au-sein-du-systeme-solaire\/\" target=\"_blank\" rel=\"noopener\" title=\"\">Chapitre 1 : La Terre, particularit\u00e9 au sein du Syst\u00e8me Solaire<\/a><\/p>\n\n\n\n<p><a href=\"https:\/\/www.evoluscience.fr\/index.php\/sixieme\/partie-2\/chapitre-2-les-mouvements-dans-le-systeme-solaire\/\" target=\"_blank\" rel=\"noopener\" title=\"\">Chapitre 2 : Les mouvements dans le Syst\u00e8me Solaire<\/a><\/p>\n\n\n\n<p><a href=\"https:\/\/www.evoluscience.fr\/index.php\/sixieme\/partie-2\/chapitre-3-masse-et-volume\/\" target=\"_blank\" rel=\"noopener\" title=\"\">Chapitre 3 : La masse et le volume<\/a><\/p>\n\n\n\n<p><\/p>\n","protected":false},"excerpt":{"rendered":"<p>Partie 2 : La formation des spationautes pour une exp\u00e9dition spatiale L&rsquo;Espace a toujours intrigu\u00e9 l&rsquo;Homme. Il s&rsquo;est toujours interrog\u00e9 concernant la vie dans l&rsquo;Univers. Des hommes sont envoy\u00e9s dans l&rsquo;Espace notamment l&rsquo;ISS : ce<a class=\"read-more\" href=\"https:\/\/www.evoluscience.fr\/index.php\/sixieme\/partie-2\/\">Continue reading<\/a><\/p>\n","protected":false},"author":1,"featured_media":0,"parent":12117,"menu_order":2,"comment_status":"closed","ping_status":"closed","template":"","meta":{"_monsterinsights_skip_tracking":false,"_monsterinsights_sitenote_active":false,"_monsterinsights_sitenote_note":"","_monsterinsights_sitenote_category":0,"_themeisle_gutenberg_block_has_review":false,"footnotes":""},"class_list":["post-13030","page","type-page","status-publish","hentry"],"_links":{"self":[{"href":"https:\/\/www.evoluscience.fr\/index.php\/wp-json\/wp\/v2\/pages\/13030","targetHints":{"allow":["GET"]}}],"collection":[{"href":"https:\/\/www.evoluscience.fr\/index.php\/wp-json\/wp\/v2\/pages"}],"about":[{"href":"https:\/\/www.evoluscience.fr\/index.php\/wp-json\/wp\/v2\/types\/page"}],"author":[{"embeddable":true,"href":"https:\/\/www.evoluscience.fr\/index.php\/wp-json\/wp\/v2\/users\/1"}],"replies":[{"embeddable":true,"href":"https:\/\/www.evoluscience.fr\/index.php\/wp-json\/wp\/v2\/comments?post=13030"}],"version-history":[{"count":0,"href":"https:\/\/www.evoluscience.fr\/index.php\/wp-json\/wp\/v2\/pages\/13030\/revisions"}],"up":[{"embeddable":true,"href":"https:\/\/www.evoluscience.fr\/index.php\/wp-json\/wp\/v2\/pages\/12117"}],"wp:attachment":[{"href":"https:\/\/www.evoluscience.fr\/index.php\/wp-json\/wp\/v2\/media?parent=13030"}],"curies":[{"name":"wp","href":"https:\/\/api.w.org\/{rel}","templated":true}]}}